Last updated on 2025-05-01 21:53:00 CEST.
Flavor | Version | Tinstall | Tcheck | Ttotal | Status | Flags |
---|---|---|---|---|---|---|
r-devel-linux-x86_64-debian-clang | 0.0-9 | 9.58 | 73.57 | 83.15 | NOTE | |
r-devel-linux-x86_64-debian-gcc | 0.0-9 | 6.70 | 54.95 | 61.65 | NOTE | |
r-devel-linux-x86_64-fedora-clang | 0.0-9 | 126.75 | OK | |||
r-devel-linux-x86_64-fedora-gcc | 0.0-9 | 124.00 | OK | |||
r-devel-windows-x86_64 | 0.0-9 | 14.00 | 92.00 | 106.00 | OK | |
r-patched-linux-x86_64 | 0.0-9 | 9.61 | 70.73 | 80.34 | OK | |
r-release-linux-x86_64 | OK | |||||
r-release-macos-arm64 | 0.0-9 | 44.00 | OK | |||
r-release-macos-x86_64 | 0.0-9 | 81.00 | OK | |||
r-release-windows-x86_64 | 0.0-9 | 14.00 | 91.00 | 105.00 | OK | |
r-oldrel-macos-arm64 | 0.0-9 | 39.00 | OK | |||
r-oldrel-macos-x86_64 | 0.0-9 | 68.00 | OK | |||
r-oldrel-windows-x86_64 | 0.0-9 | 16.00 | 102.00 | 118.00 | OK |
Version: 0.0-9
Check: CRAN incoming feasibility
Result: NOTE
Maintainer: ‘Marcelino de la Cruz Rot <marcelino.delacruz@urjc.es>’
No Authors@R field in DESCRIPTION.
Please add one, modifying
Authors@R: c(person(given = c("Marcelino", "de", "la", "Cruz"),
family = "Rot",
role = c("aut", "cre"),
email = "marcelino.delacruz@urjc.es"),
person(given = c("Philip", "M."),
family = "Dixon",
role = "aut"))
as necessary.
Flavors: r-devel-linux-x86_64-debian-clang, r-devel-linux-x86_64-debian-gcc
These binaries (installable software) and packages are in development.
They may not be fully stable and should be used with caution. We make no claims about them.