Last updated on 2025-07-03 13:48:32 CEST.
Flavor | Version | Tinstall | Tcheck | Ttotal | Status | Flags |
---|---|---|---|---|---|---|
r-devel-linux-x86_64-debian-clang | 0.5.1 | 20.65 | 127.75 | 148.40 | NOTE | |
r-devel-linux-x86_64-debian-gcc | 0.5.1 | 12.29 | 86.47 | 98.76 | NOTE | |
r-devel-linux-x86_64-fedora-clang | 0.5.1 | 225.88 | OK | |||
r-devel-linux-x86_64-fedora-gcc | 0.5.1 | 226.68 | OK | |||
r-devel-windows-x86_64 | 0.5.1 | 20.00 | 123.00 | 143.00 | OK | |
r-patched-linux-x86_64 | 0.5.1 | 19.76 | 118.82 | 138.58 | OK | |
r-release-linux-x86_64 | 0.5.1 | 17.56 | 118.79 | 136.35 | OK | |
r-release-macos-arm64 | 0.5.1 | 67.00 | OK | |||
r-release-macos-x86_64 | 0.5.1 | 128.00 | OK | |||
r-release-windows-x86_64 | 0.5.1 | 22.00 | 125.00 | 147.00 | OK | |
r-oldrel-macos-arm64 | 0.5.1 | 73.00 | OK | |||
r-oldrel-macos-x86_64 | 0.5.1 | 96.00 | OK | |||
r-oldrel-windows-x86_64 | 0.5.1 | 27.00 | 159.00 | 186.00 | OK |
Version: 0.5.1
Check: CRAN incoming feasibility
Result: NOTE
Maintainer: ‘Olisaeloka Nsonwu <olisa.nsonwu@gmail.com>’
No Authors@R field in DESCRIPTION.
Please add one, modifying
Authors@R: person(given = "Olisaeloka",
family = "Nsonwu",
role = c("aut", "cre"),
email = "olisa.nsonwu@gmail.com")
as necessary.
Flavors: r-devel-linux-x86_64-debian-clang, r-devel-linux-x86_64-debian-gcc
These binaries (installable software) and packages are in development.
They may not be fully stable and should be used with caution. We make no claims about them.