Last updated on 2025-02-23 13:51:09 CET.
Flavor | Version | Tinstall | Tcheck | Ttotal | Status | Flags |
---|---|---|---|---|---|---|
r-devel-linux-x86_64-debian-clang | 0.1.0 | 1.89 | 35.85 | 37.74 | OK | |
r-devel-linux-x86_64-debian-gcc | 0.1.0 | 1.62 | 25.42 | 27.04 | OK | |
r-devel-linux-x86_64-fedora-clang | 0.1.0 | 60.62 | OK | |||
r-devel-linux-x86_64-fedora-gcc | 0.1.0 | 58.31 | OK | |||
r-devel-macos-arm64 | 0.1.0 | 24.00 | OK | |||
r-devel-macos-x86_64 | 0.1.0 | 41.00 | OK | |||
r-devel-windows-x86_64 | 0.1.0 | 3.00 | 56.00 | 59.00 | OK | |
r-patched-linux-x86_64 | 0.1.0 | 1.95 | 34.66 | 36.61 | NOTE | |
r-release-linux-x86_64 | 0.1.0 | 1.51 | 34.35 | 35.86 | NOTE | |
r-release-macos-arm64 | 0.1.0 | 20.00 | NOTE | |||
r-release-macos-x86_64 | 0.1.0 | 32.00 | NOTE | |||
r-release-windows-x86_64 | 0.1.0 | 4.00 | 57.00 | 61.00 | NOTE | |
r-oldrel-macos-arm64 | 0.1.0 | 25.00 | NOTE | |||
r-oldrel-macos-x86_64 | 0.1.0 | 34.00 | NOTE | |||
r-oldrel-windows-x86_64 | 0.1.0 | 4.00 | 64.00 | 68.00 | NOTE |
Version: 0.1.0
Check: LazyData
Result: NOTE
'LazyData' is specified without a 'data' directory
Flavors: r-patched-linux-x86_64, r-release-linux-x86_64, r-release-macos-arm64, r-release-macos-x86_64, r-release-windows-x86_64, r-oldrel-macos-arm64, r-oldrel-macos-x86_64, r-oldrel-windows-x86_64
These binaries (installable software) and packages are in development.
They may not be fully stable and should be used with caution. We make no claims about them.