Last updated on 2025-05-03 22:49:51 CEST.
Flavor | Version | Tinstall | Tcheck | Ttotal | Status | Flags |
---|---|---|---|---|---|---|
r-devel-linux-x86_64-debian-clang | 0.1.0 | 1.89 | 37.42 | 39.31 | NOTE | |
r-devel-linux-x86_64-debian-gcc | 0.1.0 | 1.50 | 26.26 | 27.76 | NOTE | |
r-devel-linux-x86_64-fedora-clang | 0.1.0 | 61.45 | OK | |||
r-devel-linux-x86_64-fedora-gcc | 0.1.0 | 57.95 | OK | |||
r-devel-windows-x86_64 | 0.1.0 | 4.00 | 73.00 | 77.00 | OK | |
r-patched-linux-x86_64 | 0.1.0 | 1.23 | 34.30 | 35.53 | OK | |
r-release-linux-x86_64 | OK | |||||
r-release-macos-arm64 | 0.1.0 | 26.00 | OK | |||
r-release-macos-x86_64 | 0.1.0 | 48.00 | OK | |||
r-release-windows-x86_64 | 0.1.0 | 4.00 | 57.00 | 61.00 | OK | |
r-oldrel-macos-arm64 | 0.1.0 | 20.00 | NOTE | |||
r-oldrel-macos-x86_64 | 0.1.0 | 32.00 | NOTE | |||
r-oldrel-windows-x86_64 | 0.1.0 | 4.00 | 65.00 | 69.00 | NOTE |
Version: 0.1.0
Check: CRAN incoming feasibility
Result: NOTE
Maintainer: ‘Shijia Zhang <zsj27@mail.ustc.edu.cn>’
No Authors@R field in DESCRIPTION.
Please add one, modifying
Authors@R: c(person(given = c("Shijia", "Zhang;", "Meng"),
family = "Li",
role = "aut"),
person(given = "Shijia",
family = "Zhang",
role = "cre",
email = "zsj27@mail.ustc.edu.cn"))
as necessary.
Flavors: r-devel-linux-x86_64-debian-clang, r-devel-linux-x86_64-debian-gcc
Version: 0.1.0
Check: LazyData
Result: NOTE
'LazyData' is specified without a 'data' directory
Flavors: r-oldrel-macos-arm64, r-oldrel-macos-x86_64, r-oldrel-windows-x86_64
These binaries (installable software) and packages are in development.
They may not be fully stable and should be used with caution. We make no claims about them.