Last updated on 2025-05-01 08:52:31 CEST.
Flavor | Version | Tinstall | Tcheck | Ttotal | Status | Flags |
---|---|---|---|---|---|---|
r-devel-linux-x86_64-debian-clang | 1.0.3.1 | 7.29 | 25.87 | 33.16 | NOTE | |
r-devel-linux-x86_64-debian-gcc | 1.0.3.1 | 5.49 | 21.21 | 26.70 | NOTE | |
r-devel-linux-x86_64-fedora-clang | 1.0.3.1 | 50.68 | OK | |||
r-devel-linux-x86_64-fedora-gcc | 1.0.3.1 | 47.13 | OK | |||
r-devel-windows-x86_64 | 1.0.3.1 | 15.00 | 66.00 | 81.00 | OK | |
r-patched-linux-x86_64 | 1.0.3.1 | 7.18 | 24.86 | 32.04 | OK | |
r-release-linux-x86_64 | OK | |||||
r-release-macos-arm64 | 1.0.3.1 | 29.00 | OK | |||
r-release-macos-x86_64 | 1.0.3.1 | 44.00 | OK | |||
r-release-windows-x86_64 | 1.0.3.1 | 16.00 | 68.00 | 84.00 | OK | |
r-oldrel-macos-arm64 | 1.0.3.1 | 25.00 | NOTE | |||
r-oldrel-macos-x86_64 | 1.0.3.1 | 38.00 | NOTE | |||
r-oldrel-windows-x86_64 | 1.0.3.1 | 15.00 | 69.00 | 84.00 | NOTE |
Version: 1.0.3.1
Check: CRAN incoming feasibility
Result: NOTE
Maintainer: ‘Jan Wijffels <jwijffels@bnosac.be>’
No Authors@R field in DESCRIPTION.
Please add one, modifying
Authors@R: c(person(given = "Jan",
family = "Wijffels",
role = c("aut", "cre"),
email = "jwijffels@bnosac.be"),
person(family = "BNOSAC",
role = "aut"),
person(given = "Davis",
family = "King",
role = "aut"),
person(given = c("dlib", "package"),
family = "authors",
role = "aut",
comment = "see file AUTHORS"))
as necessary.
Flavors: r-devel-linux-x86_64-debian-clang, r-devel-linux-x86_64-debian-gcc
Version: 1.0.3.1
Check: installed package size
Result: NOTE
installed size is 16.2Mb
sub-directories of 1Mb or more:
include 15.8Mb
Flavors: r-oldrel-macos-arm64, r-oldrel-macos-x86_64, r-oldrel-windows-x86_64
These binaries (installable software) and packages are in development.
They may not be fully stable and should be used with caution. We make no claims about them.