CRAN Package Check Results for Package dm

Last updated on 2025-07-01 01:49:20 CEST.

Flavor Version Tinstall Tcheck Ttotal Status Flags
r-devel-linux-x86_64-debian-clang 1.0.11 13.62 349.72 363.34 NOTE
r-devel-linux-x86_64-debian-gcc 1.0.11 10.25 242.03 252.28 NOTE
r-devel-linux-x86_64-fedora-clang 1.0.11 607.79 OK
r-devel-linux-x86_64-fedora-gcc 1.0.11 545.71 OK
r-devel-windows-x86_64 1.0.11 20.00 268.00 288.00 OK
r-patched-linux-x86_64 NOTE
r-release-linux-x86_64 1.0.11 14.69 329.86 344.55 NOTE
r-release-macos-arm64 1.0.11 147.00 OK
r-release-macos-x86_64 1.0.11 320.00 OK
r-release-windows-x86_64 1.0.11 22.00 262.00 284.00 OK
r-oldrel-macos-arm64 1.0.11 147.00 OK
r-oldrel-macos-x86_64 1.0.11 260.00 OK
r-oldrel-windows-x86_64 1.0.11 28.00 339.00 367.00 OK

Check Details

Version: 1.0.11
Check: for unstated dependencies in ‘demo’
Result: NOTE 'library' or 'require' call not declared from: ‘tidyverse’ Flavors: r-devel-linux-x86_64-debian-clang, r-devel-linux-x86_64-debian-gcc, r-patched-linux-x86_64, r-release-linux-x86_64

These binaries (installable software) and packages are in development.
They may not be fully stable and should be used with caution. We make no claims about them.