Last updated on 2025-10-23 11:50:11 CEST.
Flavor | Version | Tinstall | Tcheck | Ttotal | Status | Flags |
---|---|---|---|---|---|---|
r-devel-linux-x86_64-debian-clang | 1.0.12 | 17.65 | 362.33 | 379.98 | NOTE | |
r-devel-linux-x86_64-debian-gcc | 1.0.12 | 10.22 | 230.05 | 240.27 | OK | |
r-devel-linux-x86_64-fedora-clang | 1.0.12 | 86.00 | 534.17 | 620.17 | OK | |
r-devel-linux-x86_64-fedora-gcc | 1.0.12 | 66.00 | 544.04 | 610.04 | OK | |
r-devel-windows-x86_64 | 1.0.12 | 19.00 | 266.00 | 285.00 | OK | |
r-patched-linux-x86_64 | 1.0.12 | 17.94 | 336.48 | 354.42 | OK | |
r-release-linux-x86_64 | 1.0.12 | 14.81 | 337.11 | 351.92 | OK | |
r-release-macos-arm64 | 1.0.12 | 7.00 | 155.00 | 162.00 | OK | |
r-release-macos-x86_64 | 1.0.12 | 12.00 | 267.00 | 279.00 | OK | |
r-release-windows-x86_64 | 1.0.12 | 23.00 | 271.00 | 294.00 | OK | |
r-oldrel-macos-arm64 | 1.0.12 | 8.00 | 226.00 | 234.00 | OK | |
r-oldrel-macos-x86_64 | 1.0.12 | 20.00 | 276.00 | 296.00 | OK | |
r-oldrel-windows-x86_64 | 1.0.12 | 27.00 | 349.00 | 376.00 | OK |
Version: 1.0.12
Check: HTML version of manual
Result: NOTE
Found the following HTML validation problems:
deprecated.html:269:1 (deprecated.Rd:253): Warning: missing </ul> before </div>
dm_from_src.html:94:1 (dm_from_src.Rd:36): Warning: missing </ul> before </div>
dm_has_fk.html:64:1 (dm_has_fk.Rd:19): Warning: missing </ul> before </div>
Flavor: r-devel-linux-x86_64-debian-clang
These binaries (installable software) and packages are in development.
They may not be fully stable and should be used with caution. We make no claims about them.