Last updated on 2025-02-16 10:50:44 CET.
Flavor | Version | Tinstall | Tcheck | Ttotal | Status | Flags |
---|---|---|---|---|---|---|
r-devel-linux-x86_64-debian-clang | 1.0.11 | 16.29 | 354.57 | 370.86 | NOTE | |
r-devel-linux-x86_64-debian-gcc | 1.0.11 | 10.39 | 234.58 | 244.97 | NOTE | |
r-devel-linux-x86_64-fedora-clang | 1.0.11 | 609.98 | OK | |||
r-devel-linux-x86_64-fedora-gcc | 1.0.11 | 558.04 | OK | |||
r-devel-macos-arm64 | 1.0.11 | 153.00 | OK | |||
r-devel-macos-x86_64 | 1.0.11 | 320.00 | OK | |||
r-devel-windows-x86_64 | 1.0.11 | 22.00 | 272.00 | 294.00 | OK | |
r-patched-linux-x86_64 | 1.0.11 | 18.10 | 323.13 | 341.23 | OK | |
r-release-linux-x86_64 | 1.0.11 | 15.29 | 319.61 | 334.90 | OK | |
r-release-macos-arm64 | 1.0.11 | 147.00 | OK | |||
r-release-macos-x86_64 | 1.0.11 | 260.00 | OK | |||
r-release-windows-x86_64 | 1.0.11 | 22.00 | 264.00 | 286.00 | OK | |
r-oldrel-macos-arm64 | 1.0.11 | 145.00 | OK | |||
r-oldrel-macos-x86_64 | 1.0.11 | 254.00 | OK | |||
r-oldrel-windows-x86_64 | 1.0.11 | 24.00 | 338.00 | 362.00 | OK |
Version: 1.0.11
Check: for unstated dependencies in ‘demo’
Result: NOTE
'library' or 'require' call not declared from: ‘tidyverse’
Flavors: r-devel-linux-x86_64-debian-clang, r-devel-linux-x86_64-debian-gcc
These binaries (installable software) and packages are in development.
They may not be fully stable and should be used with caution. We make no claims about them.