Last updated on 2025-05-01 14:49:08 CEST.
Flavor | Version | Tinstall | Tcheck | Ttotal | Status | Flags |
---|---|---|---|---|---|---|
r-devel-linux-x86_64-debian-clang | 1.4-0 | 2.33 | 29.39 | 31.72 | NOTE | |
r-devel-linux-x86_64-debian-gcc | 1.4-0 | 1.88 | 21.93 | 23.81 | NOTE | |
r-devel-linux-x86_64-fedora-clang | 1.4-0 | 49.94 | NOTE | |||
r-devel-linux-x86_64-fedora-gcc | 1.4-0 | 46.92 | NOTE | |||
r-devel-windows-x86_64 | 1.4-0 | 4.00 | 57.00 | 61.00 | NOTE | |
r-patched-linux-x86_64 | 1.4-0 | 2.10 | 28.36 | 30.46 | NOTE | |
r-release-linux-x86_64 | NOTE | |||||
r-release-macos-arm64 | 1.4-0 | 22.00 | NOTE | |||
r-release-macos-x86_64 | 1.4-0 | 35.00 | NOTE | |||
r-release-windows-x86_64 | 1.4-0 | 4.00 | 61.00 | 65.00 | NOTE | |
r-oldrel-macos-arm64 | 1.4-0 | 19.00 | NOTE | |||
r-oldrel-macos-x86_64 | 1.4-0 | 36.00 | NOTE | |||
r-oldrel-windows-x86_64 | 1.4-0 | 4.00 | 55.00 | 59.00 | NOTE |
Version: 1.4-0
Check: CRAN incoming feasibility
Result: NOTE
Maintainer: ‘Hana Sevcikova <hanas@uw.edu>’
No Authors@R field in DESCRIPTION.
Please add one, modifying
Authors@R: c(person(given = c("Tyler", "H."),
family = "McCormick",
role = "aut"),
person(given = "Adrian",
family = "Raftery",
role = "aut"),
person(given = "David",
family = "Madigan",
role = "aut"),
person(given = "Sevvandi",
family = "Kandanaarachchi",
role = c("ctb", "aut")),
person(given = "Hana",
family = "Sevcikova",
role = c("ctb", "aut", "cre"),
email = "hanas@uw.edu"))
as necessary.
Flavors: r-devel-linux-x86_64-debian-clang, r-devel-linux-x86_64-debian-gcc
Version: 1.4-0
Check: Rd files
Result: NOTE
checkRd: (-1) dma.Rd:47: Lost braces; missing escapes or markup?
47 | When y_t is controlled, only y_{t-delay-1} and before
| ^
checkRd: (-1) dma.Rd:64: Lost braces; missing escapes or markup?
64 | estimate of theta_{j-1} for model k at t}
| ^
checkRd: (-1) dma.Rd:66: Lost braces; missing escapes or markup?
66 | variance of theta_{j-1} for model k at t}
| ^
checkRd: (-1) dma.Rd:68: Lost braces; missing escapes or markup?
68 | estimate of theta_{j-1} at t}
| ^
checkRd: (-1) dma.Rd:70: Lost braces; missing escapes or markup?
70 | variance of thetahat_{j-1} at t}
| ^
Flavors: r-devel-linux-x86_64-debian-clang, r-devel-linux-x86_64-debian-gcc, r-devel-linux-x86_64-fedora-clang, r-devel-linux-x86_64-fedora-gcc, r-devel-windows-x86_64, r-patched-linux-x86_64, r-release-linux-x86_64, r-release-macos-arm64, r-release-macos-x86_64, r-release-windows-x86_64, r-oldrel-macos-arm64, r-oldrel-macos-x86_64, r-oldrel-windows-x86_64
These binaries (installable software) and packages are in development.
They may not be fully stable and should be used with caution. We make no claims about them.