Last updated on 2024-07-27 15:50:15 CEST.
Flavor | Version | Tinstall | Tcheck | Ttotal | Status | Flags |
---|---|---|---|---|---|---|
r-devel-linux-x86_64-debian-clang | 1.0.2 | 81.06 | 95.94 | 177.00 | OK | |
r-devel-linux-x86_64-debian-gcc | 1.0.2 | NOTE | ||||
r-devel-linux-x86_64-fedora-clang | 1.0.2 | 311.14 | OK | |||
r-devel-linux-x86_64-fedora-gcc | 1.0.2 | 248.24 | OK | |||
r-devel-windows-x86_64 | 1.0.2 | 72.00 | 114.00 | 186.00 | NOTE | |
r-patched-linux-x86_64 | 1.0.2 | OK | ||||
r-release-linux-x86_64 | 1.0.2 | 52.63 | 93.37 | 146.00 | OK | |
r-release-macos-arm64 | 1.0.2 | 61.00 | OK | |||
r-release-macos-x86_64 | 1.0.2 | 83.00 | OK | |||
r-release-windows-x86_64 | 1.0.2 | 88.00 | 113.00 | 201.00 | OK | |
r-oldrel-macos-arm64 | 1.0.2 | 62.00 | OK | |||
r-oldrel-macos-x86_64 | 1.0.2 | 106.00 | OK | |||
r-oldrel-windows-x86_64 | 1.0.2 | 85.00 | 143.00 | 228.00 | OK |
Version: 1.0.2
Check: Rd cross-references
Result: NOTE
Found the following Rd file(s) with Rd \link{} targets missing package
anchors:
plot-dmbc_fit-ANY-method.Rd: bayesplot, MCMC-overview
plot-dmbc_fit_list-ANY-method.Rd: bayesplot, MCMC-overview
Please provide package anchors for all Rd \link{} targets not in the
package itself and the base packages.
Flavors: r-devel-linux-x86_64-debian-gcc, r-devel-windows-x86_64
These binaries (installable software) and packages are in development.
They may not be fully stable and should be used with caution. We make no claims about them.