CRAN Package Check Results for Package dmetatools

Last updated on 2025-05-01 14:49:08 CEST.

Flavor Version Tinstall Tcheck Ttotal Status Flags
r-devel-linux-x86_64-debian-clang 1.1.1 6.22 70.63 76.85 NOTE
r-devel-linux-x86_64-debian-gcc 1.1.1 5.47 50.19 55.66 OK
r-devel-linux-x86_64-fedora-clang 1.1.1 121.52 OK
r-devel-linux-x86_64-fedora-gcc 1.1.1 124.90 OK
r-devel-windows-x86_64 1.1.1 7.00 82.00 89.00 OK
r-patched-linux-x86_64 1.1.1 5.97 68.39 74.36 OK
r-release-linux-x86_64 OK
r-release-macos-arm64 1.1.1 35.00 OK
r-release-macos-x86_64 1.1.1 63.00 OK
r-release-windows-x86_64 1.1.1 8.00 85.00 93.00 OK
r-oldrel-macos-arm64 1.1.1 32.00 OK
r-oldrel-macos-x86_64 1.1.1 52.00 OK
r-oldrel-windows-x86_64 1.1.1 10.00 100.00 110.00 OK

Check Details

Version: 1.1.1
Check: examples
Result: NOTE Examples with CPU (user + system) or elapsed time > 5s user system elapsed AUC_IF 6.965 0.088 8.320 AUC_comparison 5.589 0.004 6.152 Flavor: r-devel-linux-x86_64-debian-clang

These binaries (installable software) and packages are in development.
They may not be fully stable and should be used with caution. We make no claims about them.