Last updated on 2025-11-16 05:48:34 CET.
| Flavor | Version | Tinstall | Tcheck | Ttotal | Status | Flags |
|---|---|---|---|---|---|---|
| r-devel-linux-x86_64-debian-clang | 0.2.1 | 65.66 | 25.69 | 91.35 | NOTE | |
| r-devel-linux-x86_64-debian-gcc | 0.2.1 | 42.75 | 21.33 | 64.08 | NOTE | |
| r-devel-linux-x86_64-fedora-clang | 0.2.1 | 120.00 | 59.93 | 179.93 | OK | |
| r-devel-linux-x86_64-fedora-gcc | 0.2.1 | 120.00 | 41.37 | 161.37 | OK | |
| r-devel-windows-x86_64 | 0.2.1 | 88.00 | 67.00 | 155.00 | OK | |
| r-patched-linux-x86_64 | 0.2.1 | 65.65 | 24.51 | 90.16 | OK | |
| r-release-linux-x86_64 | 0.2.1 | 66.02 | 24.80 | 90.82 | OK | |
| r-release-macos-arm64 | 0.2.1 | 26.00 | 19.00 | 45.00 | OK | |
| r-release-macos-x86_64 | 0.2.1 | 18.00 | 26.00 | 44.00 | OK | |
| r-release-windows-x86_64 | 0.2.1 | 73.00 | 59.00 | 132.00 | OK | |
| r-oldrel-macos-arm64 | 0.2.1 | 28.00 | 16.00 | 44.00 | NOTE | |
| r-oldrel-macos-x86_64 | 0.2.1 | 21.00 | 26.00 | 47.00 | NOTE | |
| r-oldrel-windows-x86_64 | 0.2.1 | 70.00 | 70.00 | 140.00 | NOTE |
Version: 0.2.1
Check: CRAN incoming feasibility
Result: NOTE
Maintainer: ‘Jiayue Zeng <zengjiayue@126.com>’
Package CITATION file contains call(s) to old-style personList() or
as.personList(). Please use c() on person objects instead.
Package CITATION file contains call(s) to old-style citEntry(). Please
use bibentry() instead.
Flavors: r-devel-linux-x86_64-debian-clang, r-devel-linux-x86_64-debian-gcc
Version: 0.2.1
Check: LazyData
Result: NOTE
'LazyData' is specified without a 'data' directory
Flavors: r-oldrel-macos-arm64, r-oldrel-macos-x86_64, r-oldrel-windows-x86_64
These binaries (installable software) and packages are in development.
They may not be fully stable and should be used with caution. We make no claims about them.