CRAN Package Check Results for Package dng

Last updated on 2025-07-21 15:51:00 CEST.

Flavor Version Tinstall Tcheck Ttotal Status Flags
r-devel-linux-x86_64-debian-clang 0.2.1 63.81 24.42 88.23 NOTE
r-devel-linux-x86_64-debian-gcc 0.2.1 45.39 20.06 65.45 NOTE
r-devel-linux-x86_64-fedora-clang 0.2.1 181.38 OK
r-devel-linux-x86_64-fedora-gcc 0.2.1 161.36 OK
r-devel-windows-x86_64 0.2.1 72.00 58.00 130.00 OK
r-patched-linux-x86_64 0.2.1 64.23 23.29 87.52 OK
r-release-linux-x86_64 0.2.1 64.07 23.20 87.27 OK
r-release-macos-arm64 0.2.1 45.00 OK
r-release-macos-x86_64 0.2.1 44.00 OK
r-release-windows-x86_64 0.2.1 72.00 61.00 133.00 OK
r-oldrel-macos-arm64 0.2.1 44.00 NOTE
r-oldrel-macos-x86_64 0.2.1 47.00 NOTE
r-oldrel-windows-x86_64 0.2.1 70.00 71.00 141.00 NOTE

Check Details

Version: 0.2.1
Check: CRAN incoming feasibility
Result: NOTE Maintainer: ‘Jiayue Zeng <zengjiayue@126.com>’ Package CITATION file contains call(s) to old-style personList() or as.personList(). Please use c() on person objects instead. Package CITATION file contains call(s) to old-style citEntry(). Please use bibentry() instead. Flavors: r-devel-linux-x86_64-debian-clang, r-devel-linux-x86_64-debian-gcc

Version: 0.2.1
Check: LazyData
Result: NOTE 'LazyData' is specified without a 'data' directory Flavors: r-oldrel-macos-arm64, r-oldrel-macos-x86_64, r-oldrel-windows-x86_64

These binaries (installable software) and packages are in development.
They may not be fully stable and should be used with caution. We make no claims about them.