Last updated on 2025-02-16 10:50:44 CET.
Flavor | Version | Tinstall | Tcheck | Ttotal | Status | Flags |
---|---|---|---|---|---|---|
r-devel-linux-x86_64-debian-clang | 0.0.6 | 32.00 | 79.10 | 111.10 | NOTE | |
r-devel-linux-x86_64-debian-gcc | 0.0.6 | 26.46 | 56.69 | 83.15 | NOTE | |
r-devel-linux-x86_64-fedora-clang | 0.0.6 | 200.85 | OK | |||
r-devel-linux-x86_64-fedora-gcc | 0.0.6 | 185.96 | OK | |||
r-devel-macos-arm64 | 0.0.6 | 47.00 | OK | |||
r-devel-macos-x86_64 | 0.0.6 | 96.00 | OK | |||
r-devel-windows-x86_64 | 0.0.6 | 37.00 | 112.00 | 149.00 | NOTE | |
r-patched-linux-x86_64 | 0.0.6 | 35.55 | 73.13 | 108.68 | OK | |
r-release-linux-x86_64 | 0.0.6 | 34.93 | 72.35 | 107.28 | OK | |
r-release-macos-arm64 | 0.0.6 | 48.00 | OK | |||
r-release-macos-x86_64 | 0.0.6 | 71.00 | OK | |||
r-release-windows-x86_64 | 0.0.6 | 37.00 | 106.00 | 143.00 | OK | |
r-oldrel-macos-arm64 | 0.0.6 | 60.00 | OK | |||
r-oldrel-macos-x86_64 | 0.0.6 | 95.00 | OK | |||
r-oldrel-windows-x86_64 | 0.0.6 | 44.00 | 124.00 | 168.00 | OK |
Version: 0.0.6
Check: Rd cross-references
Result: NOTE
Found the following Rd file(s) with Rd \link{} targets missing package
anchors:
deepAFT.Rd: survreg
deepSurv.Rd: survreg
dnn-package.Rd: coxph, survival
print.Rd: survreg
survfit.deepAFT.Rd: survfit
Please provide package anchors for all Rd \link{} targets not in the
package itself and the base packages.
Flavors: r-devel-linux-x86_64-debian-clang, r-devel-linux-x86_64-debian-gcc, r-devel-windows-x86_64
These binaries (installable software) and packages are in development.
They may not be fully stable and should be used with caution. We make no claims about them.