Last updated on 2024-07-27 15:50:15 CEST.
Flavor | Version | Tinstall | Tcheck | Ttotal | Status | Flags |
---|---|---|---|---|---|---|
r-devel-linux-x86_64-debian-clang | 0.0.6 | 44.62 | 99.20 | 143.82 | OK | |
r-devel-linux-x86_64-debian-gcc | 0.0.6 | NOTE | ||||
r-devel-linux-x86_64-fedora-clang | 0.0.6 | 194.61 | OK | |||
r-devel-linux-x86_64-fedora-gcc | 0.0.6 | 191.59 | OK | |||
r-devel-windows-x86_64 | 0.0.6 | 39.00 | 106.00 | 145.00 | NOTE | |
r-patched-linux-x86_64 | 0.0.6 | OK | ||||
r-release-linux-x86_64 | 0.0.6 | 34.68 | 92.83 | 127.51 | OK | |
r-release-macos-arm64 | 0.0.6 | 48.00 | OK | |||
r-release-macos-x86_64 | 0.0.6 | 71.00 | OK | |||
r-release-windows-x86_64 | 0.0.6 | 42.00 | 107.00 | 149.00 | OK | |
r-oldrel-macos-arm64 | 0.0.6 | 60.00 | OK | |||
r-oldrel-macos-x86_64 | 0.0.6 | 95.00 | OK | |||
r-oldrel-windows-x86_64 | 0.0.6 | 45.00 | 138.00 | 183.00 | OK |
Version: 0.0.6
Check: Rd cross-references
Result: NOTE
Found the following Rd file(s) with Rd \link{} targets missing package
anchors:
deepAFT.Rd: survreg
deepSurv.Rd: survreg
dnn-package.Rd: coxph, survival
print.Rd: survreg
survfit.deepAFT.Rd: survfit
Please provide package anchors for all Rd \link{} targets not in the
package itself and the base packages.
Flavors: r-devel-linux-x86_64-debian-gcc, r-devel-windows-x86_64
These binaries (installable software) and packages are in development.
They may not be fully stable and should be used with caution. We make no claims about them.