Last updated on 2025-05-25 21:48:33 CEST.
Flavor | Version | Tinstall | Tcheck | Ttotal | Status | Flags |
---|---|---|---|---|---|---|
r-devel-linux-x86_64-debian-clang | 0.0.6 | 32.00 | 84.48 | 116.48 | NOTE | |
r-devel-linux-x86_64-debian-gcc | 0.0.6 | 23.76 | 60.04 | 83.80 | NOTE | |
r-devel-linux-x86_64-fedora-clang | 0.0.6 | 193.44 | OK | |||
r-devel-linux-x86_64-fedora-gcc | 0.0.6 | 193.84 | OK | |||
r-devel-windows-x86_64 | 0.0.6 | 41.00 | 111.00 | 152.00 | NOTE | |
r-patched-linux-x86_64 | 0.0.6 | 33.00 | 79.83 | 112.83 | NOTE | |
r-release-linux-x86_64 | 0.0.6 | 35.15 | 79.84 | 114.99 | NOTE | |
r-release-macos-arm64 | 0.0.6 | 55.00 | OK | |||
r-release-macos-x86_64 | 0.0.6 | 90.00 | OK | |||
r-release-windows-x86_64 | 0.0.6 | 42.00 | 122.00 | 164.00 | NOTE | |
r-oldrel-macos-arm64 | 0.0.6 | 48.00 | OK | |||
r-oldrel-macos-x86_64 | 0.0.6 | 71.00 | OK | |||
r-oldrel-windows-x86_64 | 0.0.6 | 48.00 | 134.00 | 182.00 | OK |
Version: 0.0.6
Check: Rd cross-references
Result: NOTE
Found the following Rd file(s) with Rd \link{} targets missing package
anchors:
deepAFT.Rd: survreg
deepSurv.Rd: survreg
dnn-package.Rd: coxph, survival
print.Rd: survreg
survfit.deepAFT.Rd: survfit
Please provide package anchors for all Rd \link{} targets not in the
package itself and the base packages.
Flavors: r-devel-linux-x86_64-debian-clang, r-devel-linux-x86_64-debian-gcc, r-devel-windows-x86_64, r-patched-linux-x86_64, r-release-linux-x86_64, r-release-windows-x86_64
These binaries (installable software) and packages are in development.
They may not be fully stable and should be used with caution. We make no claims about them.