Last updated on 2025-07-11 13:48:24 CEST.
Flavor | Version | Tinstall | Tcheck | Ttotal | Status | Flags |
---|---|---|---|---|---|---|
r-devel-linux-x86_64-debian-clang | 0.0.6 | 33.58 | 86.21 | 119.79 | NOTE | |
r-devel-linux-x86_64-debian-gcc | 0.0.6 | 25.69 | 59.30 | 84.99 | NOTE | |
r-devel-linux-x86_64-fedora-clang | 0.0.6 | 198.01 | OK | |||
r-devel-linux-x86_64-fedora-gcc | 0.0.6 | 194.98 | OK | |||
r-devel-windows-x86_64 | 0.0.6 | 40.00 | 108.00 | 148.00 | NOTE | |
r-patched-linux-x86_64 | 0.0.6 | 35.47 | 79.86 | 115.33 | NOTE | |
r-release-linux-x86_64 | 0.0.6 | 32.30 | 78.43 | 110.73 | NOTE | |
r-release-macos-arm64 | 0.0.6 | 55.00 | OK | |||
r-release-macos-x86_64 | 0.0.6 | 90.00 | OK | |||
r-release-windows-x86_64 | 0.0.6 | 40.00 | 113.00 | 153.00 | NOTE | |
r-oldrel-macos-arm64 | 0.0.6 | 48.00 | OK | |||
r-oldrel-macos-x86_64 | 0.0.6 | 71.00 | OK | |||
r-oldrel-windows-x86_64 | 0.0.6 | 49.00 | 136.00 | 185.00 | OK |
Version: 0.0.6
Check: Rd cross-references
Result: NOTE
Found the following Rd file(s) with Rd \link{} targets missing package
anchors:
deepAFT.Rd: survreg
deepSurv.Rd: survreg
dnn-package.Rd: coxph, survival
print.Rd: survreg
survfit.deepAFT.Rd: survfit
Please provide package anchors for all Rd \link{} targets not in the
package itself and the base packages.
Flavors: r-devel-linux-x86_64-debian-clang, r-devel-linux-x86_64-debian-gcc, r-devel-windows-x86_64, r-patched-linux-x86_64, r-release-linux-x86_64, r-release-windows-x86_64
These binaries (installable software) and packages are in development.
They may not be fully stable and should be used with caution. We make no claims about them.