Last updated on 2025-07-25 01:49:25 CEST.
Flavor | Version | Tinstall | Tcheck | Ttotal | Status | Flags |
---|---|---|---|---|---|---|
r-devel-linux-x86_64-debian-clang | 0.3.5 | 9.10 | 139.89 | 148.99 | NOTE | |
r-devel-linux-x86_64-debian-gcc | 0.3.5 | 6.81 | 93.78 | 100.59 | NOTE | |
r-devel-linux-x86_64-fedora-clang | 0.3.5 | 234.26 | NOTE | |||
r-devel-linux-x86_64-fedora-gcc | 0.3.5 | 230.23 | NOTE | |||
r-devel-windows-x86_64 | 0.3.5 | 11.00 | 169.00 | 180.00 | NOTE | |
r-patched-linux-x86_64 | 0.3.5 | 8.66 | 128.03 | 136.69 | NOTE | |
r-release-linux-x86_64 | 0.3.5 | 8.91 | 131.48 | 140.39 | NOTE | |
r-release-macos-arm64 | 0.3.5 | 89.00 | NOTE | |||
r-release-macos-x86_64 | 0.3.5 | 149.00 | NOTE | |||
r-release-windows-x86_64 | 0.3.5 | 11.00 | 148.00 | 159.00 | NOTE | |
r-oldrel-macos-arm64 | 0.3.5 | 91.00 | NOTE | |||
r-oldrel-macos-x86_64 | 0.3.5 | 178.00 | NOTE | |||
r-oldrel-windows-x86_64 | 0.3.5 | 14.00 | 194.00 | 208.00 | NOTE |
Version: 0.3.5
Check: package subdirectories
Result: NOTE
Problems with news in ‘NEWS.md’:
No news entries found.
Flavors: r-devel-linux-x86_64-debian-clang, r-devel-linux-x86_64-debian-gcc, r-devel-linux-x86_64-fedora-clang, r-devel-linux-x86_64-fedora-gcc, r-devel-windows-x86_64, r-patched-linux-x86_64, r-release-linux-x86_64, r-release-macos-arm64, r-release-macos-x86_64, r-release-windows-x86_64, r-oldrel-macos-arm64, r-oldrel-macos-x86_64, r-oldrel-windows-x86_64
Version: 0.3.5
Check: Rd files
Result: NOTE
checkRd: (-1) dnr.Rd:12: Escaped LaTeX specials: \#
Flavors: r-devel-linux-x86_64-debian-clang, r-devel-linux-x86_64-debian-gcc, r-devel-linux-x86_64-fedora-clang, r-devel-linux-x86_64-fedora-gcc, r-devel-windows-x86_64, r-patched-linux-x86_64, r-release-linux-x86_64, r-release-macos-arm64, r-release-macos-x86_64, r-release-windows-x86_64, r-oldrel-macos-arm64, r-oldrel-macos-x86_64, r-oldrel-windows-x86_64
These binaries (installable software) and packages are in development.
They may not be fully stable and should be used with caution. We make no claims about them.