CRAN Package Check Results for Package do

Last updated on 2025-10-23 11:50:11 CEST.

Flavor Version Tinstall Tcheck Ttotal Status Flags
r-devel-linux-x86_64-debian-clang 2.0.0.1 6.76 57.81 64.57 NOTE
r-devel-linux-x86_64-debian-gcc 2.0.0.1 4.56 40.79 45.35 OK
r-devel-linux-x86_64-fedora-clang 2.0.0.1 13.00 85.33 98.33 OK
r-devel-linux-x86_64-fedora-gcc 2.0.0.1 16.00 90.80 106.80 OK
r-devel-windows-x86_64 2.0.0.1 10.00 87.00 97.00 OK
r-patched-linux-x86_64 2.0.0.1 7.23 54.47 61.70 OK
r-release-linux-x86_64 2.0.0.1 6.24 52.96 59.20 OK
r-release-macos-arm64 2.0.0.1 3.00 34.00 37.00 OK
r-release-macos-x86_64 2.0.0.1 6.00 63.00 69.00 OK
r-release-windows-x86_64 2.0.0.1 12.00 89.00 101.00 OK
r-oldrel-macos-arm64 2.0.0.1 4.00 32.00 36.00 OK
r-oldrel-macos-x86_64 2.0.0.1 7.00 73.00 80.00 OK
r-oldrel-windows-x86_64 2.0.0.1 14.00 100.00 114.00 OK

Check Details

Version: 2.0.0.1
Check: HTML version of manual
Result: NOTE Found the following HTML validation problems: add_biocViews.html:50:1 (add_biocViews.Rd:12): Warning: missing </ul> before </div> Flavor: r-devel-linux-x86_64-debian-clang

These binaries (installable software) and packages are in development.
They may not be fully stable and should be used with caution. We make no claims about them.