Last updated on 2025-05-24 11:53:58 CEST.
Flavor | Version | Tinstall | Tcheck | Ttotal | Status | Flags |
---|---|---|---|---|---|---|
r-devel-linux-x86_64-debian-clang | 4.6.27 | 23.78 | 160.97 | 184.75 | OK | |
r-devel-linux-x86_64-debian-gcc | 4.6.27 | 16.97 | 114.27 | 131.24 | OK | |
r-devel-linux-x86_64-fedora-clang | 4.6.27 | 306.16 | OK | |||
r-devel-linux-x86_64-fedora-gcc | 4.6.27 | 284.61 | OK | |||
r-devel-windows-x86_64 | 4.6.27 | 25.00 | 193.00 | 218.00 | OK | |
r-patched-linux-x86_64 | 4.6.27 | 20.43 | 149.69 | 170.12 | OK | |
r-release-linux-x86_64 | 4.6.27 | 21.99 | 147.80 | 169.79 | OK | |
r-release-macos-arm64 | 4.6.27 | 93.00 | OK | |||
r-release-macos-x86_64 | 4.6.27 | 192.00 | OK | |||
r-release-windows-x86_64 | 4.6.27 | 24.00 | 249.00 | 273.00 | OK | |
r-oldrel-macos-arm64 | 4.6.27 | 91.00 | NOTE | |||
r-oldrel-macos-x86_64 | 4.6.27 | 195.00 | NOTE | |||
r-oldrel-windows-x86_64 | 4.6.27 | 34.00 | 232.00 | 266.00 | OK |
Version: 4.6.27
Check: installed package size
Result: NOTE
installed size is 5.8Mb
sub-directories of 1Mb or more:
data 4.7Mb
Flavors: r-oldrel-macos-arm64, r-oldrel-macos-x86_64
These binaries (installable software) and packages are in development.
They may not be fully stable and should be used with caution. We make no claims about them.