Last updated on 2025-10-23 11:50:11 CEST.
Flavor | Version | Tinstall | Tcheck | Ttotal | Status | Flags |
---|---|---|---|---|---|---|
r-devel-linux-x86_64-debian-clang | 4.7.0 | 23.58 | 182.10 | 205.68 | NOTE | |
r-devel-linux-x86_64-debian-gcc | 4.7.0 | 17.47 | 125.43 | 142.90 | OK | |
r-devel-linux-x86_64-fedora-clang | 4.7.0 | 120.00 | 212.31 | 332.31 | OK | |
r-devel-linux-x86_64-fedora-gcc | 4.7.0 | 101.00 | 230.67 | 331.67 | OK | |
r-devel-windows-x86_64 | 4.7.0 | 26.00 | 196.00 | 222.00 | OK | |
r-patched-linux-x86_64 | 4.7.0 | 25.40 | 169.52 | 194.92 | OK | |
r-release-linux-x86_64 | 4.7.0 | 22.32 | 168.57 | 190.89 | OK | |
r-release-macos-arm64 | 4.7.0 | 13.00 | 73.00 | 86.00 | OK | |
r-release-macos-x86_64 | 4.7.0 | 22.00 | 148.00 | 170.00 | OK | |
r-release-windows-x86_64 | 4.7.0 | 27.00 | 196.00 | 223.00 | OK | |
r-oldrel-macos-arm64 | 4.7.0 | 13.00 | 81.00 | 94.00 | NOTE | |
r-oldrel-macos-x86_64 | 4.7.0 | 19.00 | 154.00 | 173.00 | NOTE | |
r-oldrel-windows-x86_64 | 4.7.0 | 35.00 | 244.00 | 279.00 | NOTE |
Version: 4.7.0
Check: HTML version of manual
Result: NOTE
Found the following HTML validation problems:
cv_glm_fitlist.html:54:1 (cv_glm_fitlist.Rd:14): Warning: missing </ul> before </div>
dot-rhsf2list.html:46:1 (dot-rhsf2list.Rd:10): Warning: missing </ul> before </div>
generate_data_list.html:54:1 (generate_data_list.Rd:14): Warning: missing </ul> before </div>
get_formulas.html:54:1 (get_formulas.Rd:14): Warning: missing </ul> before </div>
linest-get.html:93:1 (linest-get.Rd:55): Warning: missing </ul> before </div>
mb_summary.html:64:1 (mb_summary.Rd:20): Warning: missing </ul> before </div>
model_stability_glm.html:68:1 (model_stability_glm.Rd:24): Warning: missing </ul> before </div>
tidy-esticon.html:59:1 (tidy-esticon.Rd:17): Warning: missing </ul> before </div>
tidy-linest.html:59:1 (tidy-linest.Rd:17): Warning: missing </ul> before </div>
truncate0.html:54:1 (truncate0.Rd:14): Warning: missing </ul> before </div>
vparse.html:47:1 (vparse.Rd:10): Warning: missing </ul> before </div>
Flavor: r-devel-linux-x86_64-debian-clang
Version: 4.7.0
Check: installed package size
Result: NOTE
installed size is 5.8Mb
sub-directories of 1Mb or more:
data 4.7Mb
Flavors: r-oldrel-macos-arm64, r-oldrel-macos-x86_64, r-oldrel-windows-x86_64
These binaries (installable software) and packages are in development.
They may not be fully stable and should be used with caution. We make no claims about them.