CRAN Package Check Results for Package doRNG

Last updated on 2025-10-23 07:49:43 CEST.

Flavor Version Tinstall Tcheck Ttotal Status Flags
r-devel-linux-x86_64-debian-clang 1.8.6.2 1.83 29.20 31.03 OK
r-devel-linux-x86_64-debian-gcc 1.8.6.2 1.66 23.02 24.68 OK
r-devel-linux-x86_64-fedora-clang 1.8.6.2 46.56 OK
r-devel-linux-x86_64-fedora-gcc 1.8.6.2 43.37 OK
r-devel-windows-x86_64 1.8.6.2 3.00 50.00 53.00 OK
r-patched-linux-x86_64 1.8.6.2 2.06 27.63 29.69 OK
r-release-linux-x86_64 1.8.6.2 1.70 27.92 29.62 OK
r-release-macos-arm64 1.8.6.2 1.00 26.00 27.00 OK
r-release-macos-x86_64 1.8.6.2 4.00 63.00 67.00 OK
r-release-windows-x86_64 1.8.6.2 4.00 52.00 56.00 OK
r-oldrel-macos-arm64 1.8.6.2 2.00 41.00 43.00 NOTE
r-oldrel-macos-x86_64 1.8.6.2 5.00 70.00 75.00 NOTE
r-oldrel-windows-x86_64 1.8.6.2 4.00 57.00 61.00 OK

Additional issues

noSuggests

Check Details

Version: 1.8.6.2
Check: package dependencies
Result: NOTE Package suggested but not available for checking: ‘doMPI’ Flavors: r-oldrel-macos-arm64, r-oldrel-macos-x86_64

Version: 1.8.6.2
Check: Rd cross-references
Result: NOTE Package unavailable to check Rd xrefs: ‘doMPI’ Flavors: r-oldrel-macos-arm64, r-oldrel-macos-x86_64

These binaries (installable software) and packages are in development.
They may not be fully stable and should be used with caution. We make no claims about them.