CRAN Package Check Results for Package doRNG

Last updated on 2025-07-04 07:49:25 CEST.

Flavor Version Tinstall Tcheck Ttotal Status Flags
r-devel-linux-x86_64-debian-clang 1.8.6.2 1.77 27.69 29.46 OK
r-devel-linux-x86_64-debian-gcc 1.8.6.2 1.86 23.08 24.94 OK
r-devel-linux-x86_64-fedora-clang 1.8.6.2 47.04 OK
r-devel-linux-x86_64-fedora-gcc 1.8.6.2 43.50 OK
r-devel-windows-x86_64 1.8.6.2 4.00 49.00 53.00 OK
r-patched-linux-x86_64 1.8.6.2 1.92 26.25 28.17 OK
r-release-linux-x86_64 1.8.6.2 1.99 26.00 27.99 OK
r-release-macos-arm64 1.8.6.2 27.00 OK
r-release-macos-x86_64 1.8.6.2 67.00 OK
r-release-windows-x86_64 1.8.6.2 4.00 51.00 55.00 OK
r-oldrel-macos-arm64 1.8.6.2 43.00 NOTE
r-oldrel-macos-x86_64 1.8.6.2 75.00 NOTE
r-oldrel-windows-x86_64 1.8.6.2 4.00 56.00 60.00 OK

Additional issues

noSuggests

Check Details

Version: 1.8.6.2
Check: package dependencies
Result: NOTE Package suggested but not available for checking: ‘doMPI’ Flavors: r-oldrel-macos-arm64, r-oldrel-macos-x86_64

Version: 1.8.6.2
Check: Rd cross-references
Result: NOTE Package unavailable to check Rd xrefs: ‘doMPI’ Flavors: r-oldrel-macos-arm64, r-oldrel-macos-x86_64

These binaries (installable software) and packages are in development.
They may not be fully stable and should be used with caution. We make no claims about them.