Last updated on 2025-05-01 14:49:08 CEST.
Flavor | Version | Tinstall | Tcheck | Ttotal | Status | Flags |
---|---|---|---|---|---|---|
r-devel-linux-x86_64-debian-clang | 0.6.0 | 7.93 | 99.39 | 107.32 | NOTE | |
r-devel-linux-x86_64-debian-gcc | 0.6.0 | 6.32 | 72.81 | 79.13 | NOTE | |
r-devel-linux-x86_64-fedora-clang | 0.6.0 | 163.32 | OK | |||
r-devel-linux-x86_64-fedora-gcc | 0.6.0 | 169.62 | OK | |||
r-devel-windows-x86_64 | 0.6.0 | 9.00 | 112.00 | 121.00 | OK | |
r-patched-linux-x86_64 | 0.6.0 | 7.47 | 95.06 | 102.53 | OK | |
r-release-linux-x86_64 | OK | |||||
r-release-macos-arm64 | 0.6.0 | 56.00 | OK | |||
r-release-macos-x86_64 | 0.6.0 | 107.00 | OK | |||
r-release-windows-x86_64 | 0.6.0 | 9.00 | 119.00 | 128.00 | OK | |
r-oldrel-macos-arm64 | 0.6.0 | 49.00 | OK | |||
r-oldrel-macos-x86_64 | 0.6.0 | 76.00 | OK | |||
r-oldrel-windows-x86_64 | 0.6.0 | 12.00 | 134.00 | 146.00 | OK |
Version: 0.6.0
Check: CRAN incoming feasibility
Result: NOTE
Maintainer: ‘Mike Yeomans <mk.yeomans@gmail.com>’
No Authors@R field in DESCRIPTION.
Please add one, modifying
Authors@R: person(given = "Mike",
family = "Yeomans",
role = c("aut", "cre"),
email = "mk.yeomans@gmail.com")
as necessary.
Flavors: r-devel-linux-x86_64-debian-clang, r-devel-linux-x86_64-debian-gcc
These binaries (installable software) and packages are in development.
They may not be fully stable and should be used with caution. We make no claims about them.