Last updated on 2024-07-27 15:50:15 CEST.
Flavor | Version | Tinstall | Tcheck | Ttotal | Status | Flags |
---|---|---|---|---|---|---|
r-devel-linux-x86_64-debian-clang | 0.2.0 | 76.31 | 55.15 | 131.46 | NOTE | |
r-devel-linux-x86_64-debian-gcc | 0.2.0 | NOTE | ||||
r-devel-linux-x86_64-fedora-clang | 0.2.0 | 304.12 | NOTE | |||
r-devel-linux-x86_64-fedora-gcc | 0.2.0 | 203.87 | NOTE | |||
r-devel-windows-x86_64 | 0.2.0 | 64.00 | 83.00 | 147.00 | NOTE | |
r-patched-linux-x86_64 | 0.2.0 | NOTE | ||||
r-release-linux-x86_64 | 0.2.0 | 66.66 | 53.40 | 120.06 | NOTE | |
r-release-macos-arm64 | 0.2.0 | 56.00 | NOTE | |||
r-release-macos-x86_64 | 0.2.0 | 76.00 | NOTE | |||
r-release-windows-x86_64 | 0.2.0 | 91.00 | 84.00 | 175.00 | NOTE | |
r-oldrel-macos-arm64 | 0.2.0 | 67.00 | NOTE | |||
r-oldrel-macos-x86_64 | 0.2.0 | 116.00 | NOTE | |||
r-oldrel-windows-x86_64 | 0.2.0 | 55.00 | 96.00 | 151.00 | NOTE |
Version: 0.2.0
Check: C++ specification
Result: NOTE
Specified C++11: please drop specification unless essential
Flavors: r-devel-linux-x86_64-debian-clang, r-devel-linux-x86_64-debian-gcc, r-devel-linux-x86_64-fedora-clang, r-devel-linux-x86_64-fedora-gcc, r-devel-windows-x86_64, r-patched-linux-x86_64, r-release-linux-x86_64, r-release-macos-arm64, r-release-macos-x86_64, r-release-windows-x86_64, r-oldrel-macos-arm64, r-oldrel-macos-x86_64, r-oldrel-windows-x86_64
Version: 0.2.0
Check: installed package size
Result: NOTE
installed size is 5.2Mb
sub-directories of 1Mb or more:
data 4.8Mb
Flavors: r-devel-linux-x86_64-fedora-clang, r-devel-windows-x86_64, r-release-macos-arm64, r-release-macos-x86_64, r-release-windows-x86_64, r-oldrel-macos-arm64, r-oldrel-macos-x86_64, r-oldrel-windows-x86_64
Version: 0.2.0
Check: data for non-ASCII characters
Result: NOTE
Note: found 9796 marked UTF-8 strings
Flavors: r-devel-linux-x86_64-fedora-clang, r-devel-linux-x86_64-fedora-gcc
These binaries (installable software) and packages are in development.
They may not be fully stable and should be used with caution. We make no claims about them.