CRAN Package Check Results for Package docknitr

Last updated on 2025-05-01 15:49:29 CEST.

Flavor Version Tinstall Tcheck Ttotal Status Flags
r-devel-linux-x86_64-debian-clang 1.0.1 1.88 24.86 26.74 NOTE
r-devel-linux-x86_64-debian-gcc 1.0.1 1.52 20.66 22.18 NOTE
r-devel-linux-x86_64-fedora-clang 1.0.1 40.98 OK
r-devel-linux-x86_64-fedora-gcc 1.0.1 52.57 OK
r-devel-windows-x86_64 1.0.1 3.00 47.00 50.00 OK
r-patched-linux-x86_64 1.0.1 1.73 22.84 24.57 OK
r-release-linux-x86_64 OK
r-release-macos-arm64 1.0.1 23.00 OK
r-release-macos-x86_64 1.0.1 44.00 OK
r-release-windows-x86_64 1.0.1 4.00 51.00 55.00 OK
r-oldrel-macos-arm64 1.0.1 21.00 NOTE
r-oldrel-macos-x86_64 1.0.1 38.00 NOTE
r-oldrel-windows-x86_64 1.0.1 4.00 54.00 58.00 NOTE

Check Details

Version: 1.0.1
Check: CRAN incoming feasibility
Result: NOTE Maintainer: ‘Ben Artin <ben@artins.org>’ No Authors@R field in DESCRIPTION. Please add one, modifying Authors@R: person(given = "Ben", family = "Artin", role = c("aut", "cre"), email = "ben@artins.org") as necessary. Flavors: r-devel-linux-x86_64-debian-clang, r-devel-linux-x86_64-debian-gcc

Version: 1.0.1
Check: LazyData
Result: NOTE 'LazyData' is specified without a 'data' directory Flavors: r-oldrel-macos-arm64, r-oldrel-macos-x86_64, r-oldrel-windows-x86_64

These binaries (installable software) and packages are in development.
They may not be fully stable and should be used with caution. We make no claims about them.