Last updated on 2025-05-01 14:49:08 CEST.
Flavor | Version | Tinstall | Tcheck | Ttotal | Status | Flags |
---|---|---|---|---|---|---|
r-devel-linux-x86_64-debian-clang | 0.4.0 | 4.66 | 54.48 | 59.14 | NOTE | |
r-devel-linux-x86_64-debian-gcc | 0.4.0 | 2.97 | 37.74 | 40.71 | NOTE | |
r-devel-linux-x86_64-fedora-clang | 0.4.0 | 94.98 | OK | |||
r-devel-linux-x86_64-fedora-gcc | 0.4.0 | 92.48 | OK | |||
r-devel-windows-x86_64 | 0.4.0 | 8.00 | 80.00 | 88.00 | OK | |
r-patched-linux-x86_64 | 0.4.0 | 4.59 | 51.32 | 55.91 | OK | |
r-release-linux-x86_64 | OK | |||||
r-release-macos-arm64 | 0.4.0 | 46.00 | OK | |||
r-release-macos-x86_64 | 0.4.0 | 56.00 | OK | |||
r-release-windows-x86_64 | 0.4.0 | 9.00 | 81.00 | 90.00 | OK | |
r-oldrel-macos-arm64 | 0.4.0 | 27.00 | NOTE | |||
r-oldrel-macos-x86_64 | 0.4.0 | 48.00 | NOTE | |||
r-oldrel-windows-x86_64 | 0.4.0 | 8.00 | 88.00 | 96.00 | NOTE |
Version: 0.4.0
Check: CRAN incoming feasibility
Result: NOTE
Maintainer: ‘Andreas Rappold <arappold@gmx.at>’
Found the following (possibly) invalid file URIs:
URI: ./misc/workflow.dot.pdf
From: README.md
URI: ./misc/nint.dot.pdf
From: README.md
Flavors: r-devel-linux-x86_64-debian-clang, r-devel-linux-x86_64-debian-gcc
Version: 0.4.0
Check: LazyData
Result: NOTE
'LazyData' is specified without a 'data' directory
Flavors: r-oldrel-macos-arm64, r-oldrel-macos-x86_64, r-oldrel-windows-x86_64
These binaries (installable software) and packages are in development.
They may not be fully stable and should be used with caution. We make no claims about them.