Last updated on 2025-07-05 03:48:35 CEST.
Flavor | Version | Tinstall | Tcheck | Ttotal | Status | Flags |
---|---|---|---|---|---|---|
r-devel-linux-x86_64-debian-clang | 0.4.0 | 4.50 | 59.83 | 64.33 | NOTE | |
r-devel-linux-x86_64-debian-gcc | 0.4.0 | 3.21 | 37.77 | 40.98 | NOTE | |
r-devel-linux-x86_64-fedora-clang | 0.4.0 | 101.22 | OK | |||
r-devel-linux-x86_64-fedora-gcc | 0.4.0 | 93.92 | OK | |||
r-devel-windows-x86_64 | 0.4.0 | 8.00 | 74.00 | 82.00 | OK | |
r-patched-linux-x86_64 | 0.4.0 | 5.23 | 52.06 | 57.29 | OK | |
r-release-linux-x86_64 | 0.4.0 | 4.09 | 52.89 | 56.98 | OK | |
r-release-macos-arm64 | 0.4.0 | 46.00 | OK | |||
r-release-macos-x86_64 | 0.4.0 | 56.00 | OK | |||
r-release-windows-x86_64 | 0.4.0 | 7.00 | 74.00 | 81.00 | OK | |
r-oldrel-macos-arm64 | 0.4.0 | 27.00 | NOTE | |||
r-oldrel-macos-x86_64 | 0.4.0 | 48.00 | NOTE | |||
r-oldrel-windows-x86_64 | 0.4.0 | 7.00 | 88.00 | 95.00 | NOTE |
Version: 0.4.0
Check: CRAN incoming feasibility
Result: NOTE
Maintainer: ‘Andreas Rappold <arappold@gmx.at>’
Found the following (possibly) invalid file URIs:
URI: ./misc/workflow.dot.pdf
From: README.md
URI: ./misc/nint.dot.pdf
From: README.md
Flavors: r-devel-linux-x86_64-debian-clang, r-devel-linux-x86_64-debian-gcc
Version: 0.4.0
Check: LazyData
Result: NOTE
'LazyData' is specified without a 'data' directory
Flavors: r-oldrel-macos-arm64, r-oldrel-macos-x86_64, r-oldrel-windows-x86_64
These binaries (installable software) and packages are in development.
They may not be fully stable and should be used with caution. We make no claims about them.