Last updated on 2025-07-10 19:17:50 CEST.
Flavor | Version | Tinstall | Tcheck | Ttotal | Status | Flags |
---|---|---|---|---|---|---|
r-devel-linux-x86_64-debian-clang | 0.0.3 | 1.84 | 23.74 | 25.58 | NOTE | |
r-devel-linux-x86_64-debian-gcc | 0.0.3 | 1.41 | 19.56 | 20.97 | NOTE | |
r-devel-linux-x86_64-fedora-clang | 0.0.3 | 40.20 | OK | |||
r-devel-linux-x86_64-fedora-gcc | 0.0.3 | 36.36 | OK | |||
r-devel-windows-x86_64 | 0.0.3 | 3.00 | 46.00 | 49.00 | OK | |
r-patched-linux-x86_64 | 0.0.3 | 1.96 | 21.43 | 23.39 | OK | |
r-release-linux-x86_64 | 0.0.3 | 1.86 | 21.32 | 23.18 | OK | |
r-release-macos-arm64 | 0.0.3 | 20.00 | OK | |||
r-release-macos-x86_64 | 0.0.3 | 28.00 | OK | |||
r-release-windows-x86_64 | 0.0.3 | 3.00 | 45.00 | 48.00 | OK | |
r-oldrel-macos-arm64 | 0.0.3 | 17.00 | NOTE | |||
r-oldrel-macos-x86_64 | 0.0.3 | 26.00 | NOTE | |||
r-oldrel-windows-x86_64 | 0.0.3 | 4.00 | 48.00 | 52.00 | NOTE |
Version: 0.0.3
Check: CRAN incoming feasibility
Result: NOTE
Maintainer: ‘Carl Ganz <carl@cannadatasolutions.com>’
Found the following (possibly) invalid file URIs:
URI: CONDUCT.md
From: README.md
URI: CONTRIBUTE.md
From: README.md
Flavors: r-devel-linux-x86_64-debian-clang, r-devel-linux-x86_64-debian-gcc
Version: 0.0.3
Check: LazyData
Result: NOTE
'LazyData' is specified without a 'data' directory
Flavors: r-oldrel-macos-arm64, r-oldrel-macos-x86_64, r-oldrel-windows-x86_64
These binaries (installable software) and packages are in development.
They may not be fully stable and should be used with caution. We make no claims about them.