CRAN Package Check Results for Package document

Last updated on 2025-02-16 10:50:44 CET.

Flavor Version Tinstall Tcheck Ttotal Status Flags
r-devel-linux-x86_64-debian-clang 4.0.0 2.19 47.72 49.91 NOTE
r-devel-linux-x86_64-debian-gcc 4.0.0 1.66 38.59 40.25 NOTE
r-devel-linux-x86_64-fedora-clang 4.0.0 87.36 OK
r-devel-linux-x86_64-fedora-gcc 4.0.0 92.51 OK
r-devel-macos-arm64 4.0.0 45.00 OK
r-devel-macos-x86_64 4.0.0 99.00 OK
r-devel-windows-x86_64 4.0.0 4.00 138.00 142.00 NOTE
r-patched-linux-x86_64 4.0.0 5.61 45.82 51.43 OK
r-release-linux-x86_64 4.0.0 1.82 46.06 47.88 OK
r-release-macos-arm64 4.0.0 41.00 OK
r-release-macos-x86_64 4.0.0 76.00 OK
r-release-windows-x86_64 4.0.0 4.00 143.00 147.00 OK
r-oldrel-macos-arm64 4.0.0 38.00 OK
r-oldrel-macos-x86_64 4.0.0 116.00 OK
r-oldrel-windows-x86_64 4.0.0 5.00 140.00 145.00 OK

Check Details

Version: 4.0.0
Check: Rd cross-references
Result: NOTE Found the following Rd file(s) with Rd \link{} targets missing package anchors: checks.Rd: rcmdcheck Please provide package anchors for all Rd \link{} targets not in the package itself and the base packages. Flavors: r-devel-linux-x86_64-debian-clang, r-devel-linux-x86_64-debian-gcc, r-devel-windows-x86_64

These binaries (installable software) and packages are in development.
They may not be fully stable and should be used with caution. We make no claims about them.