Last updated on 2025-02-16 10:50:44 CET.
Flavor | Version | Tinstall | Tcheck | Ttotal | Status | Flags |
---|---|---|---|---|---|---|
r-devel-linux-x86_64-debian-clang | 1.2 | 2.88 | 32.08 | 34.96 | OK | |
r-devel-linux-x86_64-debian-gcc | 1.2 | 2.01 | 22.37 | 24.38 | OK | |
r-devel-linux-x86_64-fedora-clang | 1.2 | 60.70 | OK | |||
r-devel-linux-x86_64-fedora-gcc | 1.2 | 54.18 | OK | |||
r-devel-macos-arm64 | 1.2 | 19.00 | OK | |||
r-devel-macos-x86_64 | 1.2 | 36.00 | OK | |||
r-devel-windows-x86_64 | 1.2 | 5.00 | 55.00 | 60.00 | OK | |
r-patched-linux-x86_64 | 1.2 | 3.49 | 29.70 | 33.19 | NOTE | |
r-release-linux-x86_64 | 1.2 | 3.09 | 29.65 | 32.74 | NOTE | |
r-release-macos-arm64 | 1.2 | 18.00 | NOTE | |||
r-release-macos-x86_64 | 1.2 | 29.00 | NOTE | |||
r-release-windows-x86_64 | 1.2 | 6.00 | 56.00 | 62.00 | NOTE | |
r-oldrel-macos-arm64 | 1.2 | 21.00 | NOTE | |||
r-oldrel-macos-x86_64 | 1.2 | 30.00 | NOTE | |||
r-oldrel-windows-x86_64 | 1.2 | 8.00 | 56.00 | 64.00 | NOTE |
Version: 1.2
Check: LazyData
Result: NOTE
'LazyData' is specified without a 'data' directory
Flavors: r-patched-linux-x86_64, r-release-linux-x86_64, r-release-macos-arm64, r-release-macos-x86_64, r-release-windows-x86_64, r-oldrel-macos-arm64, r-oldrel-macos-x86_64, r-oldrel-windows-x86_64
These binaries (installable software) and packages are in development.
They may not be fully stable and should be used with caution. We make no claims about them.