Last updated on 2025-05-01 14:49:08 CEST.
Flavor | Version | Tinstall | Tcheck | Ttotal | Status | Flags |
---|---|---|---|---|---|---|
r-devel-linux-x86_64-debian-clang | 2.1.0 | 5.25 | 104.53 | 109.78 | NOTE | |
r-devel-linux-x86_64-debian-gcc | 2.1.0 | 4.31 | 72.48 | 76.79 | NOTE | |
r-devel-linux-x86_64-fedora-clang | 2.1.0 | 185.26 | OK | |||
r-devel-linux-x86_64-fedora-gcc | 2.1.0 | 190.96 | OK | |||
r-devel-windows-x86_64 | 2.1.0 | 8.00 | 116.00 | 124.00 | NOTE | |
r-patched-linux-x86_64 | 2.1.0 | 7.16 | 98.03 | 105.19 | NOTE | |
r-release-linux-x86_64 | NOTE | |||||
r-release-macos-arm64 | 2.1.0 | 65.00 | OK | |||
r-release-macos-x86_64 | 2.1.0 | 101.00 | OK | |||
r-release-windows-x86_64 | 2.1.0 | 8.00 | 117.00 | 125.00 | NOTE | |
r-oldrel-macos-arm64 | 2.1.0 | 53.00 | OK | |||
r-oldrel-macos-x86_64 | 2.1.0 | 79.00 | OK | |||
r-oldrel-windows-x86_64 | 2.1.0 | 11.00 | 144.00 | 155.00 | OK |
Version: 2.1.0
Check: Rd cross-references
Result: NOTE
Found the following Rd file(s) with Rd \link{} targets missing package
anchors:
bootAverageDominanceAnalysis.Rd: boot
Please provide package anchors for all Rd \link{} targets not in the
package itself and the base packages.
Flavors: r-devel-linux-x86_64-debian-clang, r-devel-linux-x86_64-debian-gcc, r-devel-windows-x86_64, r-patched-linux-x86_64, r-release-linux-x86_64, r-release-windows-x86_64
Version: 2.1.0
Check: examples
Result: NOTE
Examples with CPU (user + system) or elapsed time > 5s
user system elapsed
dominanceanalysis-package 4.973 0.155 6.573
dominanceAnalysis 3.523 0.059 5.438
Flavor: r-devel-linux-x86_64-debian-clang
These binaries (installable software) and packages are in development.
They may not be fully stable and should be used with caution. We make no claims about them.