Last updated on 2025-10-23 17:50:46 CEST.
| Flavor | Version | Tinstall | Tcheck | Ttotal | Status | Flags |
|---|---|---|---|---|---|---|
| r-devel-linux-x86_64-debian-clang | 0.3.1 | 1.76 | 21.41 | 23.17 | NOTE | |
| r-devel-linux-x86_64-debian-gcc | 0.3.1 | 1.53 | 17.00 | 18.53 | NOTE | |
| r-devel-linux-x86_64-fedora-clang | 0.3.1 | 33.90 | OK | |||
| r-devel-linux-x86_64-fedora-gcc | 0.3.1 | 31.82 | OK | |||
| r-devel-windows-x86_64 | 0.3.1 | 4.00 | 41.00 | 45.00 | OK | |
| r-patched-linux-x86_64 | 0.3.1 | 1.96 | 19.87 | 21.83 | OK | |
| r-release-linux-x86_64 | 0.3.1 | 1.75 | 19.90 | 21.65 | OK | |
| r-release-macos-arm64 | 0.3.1 | 1.00 | 22.00 | 23.00 | OK | |
| r-release-macos-x86_64 | 0.3.1 | 2.00 | 23.00 | 25.00 | OK | |
| r-release-windows-x86_64 | 0.3.1 | 3.00 | 42.00 | 45.00 | OK | |
| r-oldrel-macos-arm64 | 0.3.1 | 1.00 | 14.00 | 15.00 | OK | |
| r-oldrel-macos-x86_64 | 0.3.1 | 2.00 | 19.00 | 21.00 | OK | |
| r-oldrel-windows-x86_64 | 0.3.1 | 3.00 | 48.00 | 51.00 | OK |
Version: 0.3.1
Check: CRAN incoming feasibility
Result: NOTE
Maintainer: ‘Nick Elprin <nick@dominodatalab.com>’
No Authors@R field in DESCRIPTION.
Please add one, modifying
Authors@R: c(person(given = "Jacek",
family = "Glodek",
role = "aut",
email = "jacek@theiterators.com"),
person(given = "Nick",
family = "Elprin",
role = "cre",
email = "nick@dominodatalab.com"))
as necessary.
Found the following \keyword or \concept entries
which likely give several index terms:
File ‘domino-package.Rd’:
\keyword{domino,}
\keyword{package,}
Flavors: r-devel-linux-x86_64-debian-clang, r-devel-linux-x86_64-debian-gcc
Version: 0.3.1
Check: HTML version of manual
Result: NOTE
Found the following HTML validation problems:
domino.snapshot.html:46:1 (domino.snapshot.Rd:10): Warning: missing </ul> before </div>
domino.status.html:46:1 (domino.status.Rd:10): Warning: missing </ul> before </div>
domino.upload.html:47:1 (domino.upload.Rd:11): Warning: missing </ul> before </div>
Flavor: r-devel-linux-x86_64-debian-clang
These binaries (installable software) and packages are in development.
They may not be fully stable and should be used with caution. We make no claims about them.