CRAN Package Check Results for Package domir

Last updated on 2025-10-23 11:50:11 CEST.

Flavor Version Tinstall Tcheck Ttotal Status Flags
r-devel-linux-x86_64-debian-clang 1.2.0 2.79 49.20 51.99 NOTE
r-devel-linux-x86_64-debian-gcc 1.2.0 2.24 38.37 40.61 OK
r-devel-linux-x86_64-fedora-clang 1.2.0 79.99 OK
r-devel-linux-x86_64-fedora-gcc 1.2.0 85.80 OK
r-devel-windows-x86_64 1.2.0 5.00 66.00 71.00 OK
r-patched-linux-x86_64 1.2.0 3.25 45.21 48.46 OK
r-release-linux-x86_64 1.2.0 3.04 45.14 48.18 OK
r-release-macos-arm64 1.2.0 2.00 47.00 49.00 OK
r-release-macos-x86_64 1.2.0 2.00 54.00 56.00 OK
r-release-windows-x86_64 1.2.0 6.00 66.00 72.00 OK
r-oldrel-macos-arm64 1.2.0 2.00 32.00 34.00 OK
r-oldrel-macos-x86_64 1.2.0 2.00 41.00 43.00 OK
r-oldrel-windows-x86_64 1.2.0 4.00 75.00 79.00 OK

Check Details

Version: 1.2.0
Check: HTML version of manual
Result: NOTE Found the following HTML validation problems: domir.html:281:1 (domir.Rd:234): Warning: <h5> anchor "Additional-Details" already defined Flavor: r-devel-linux-x86_64-debian-clang

These binaries (installable software) and packages are in development.
They may not be fully stable and should be used with caution. We make no claims about them.