Last updated on 2025-02-02 14:48:21 CET.
Flavor | Version | Tinstall | Tcheck | Ttotal | Status | Flags |
---|---|---|---|---|---|---|
r-devel-linux-x86_64-debian-clang | 0.3.0 | 3.15 | 25.49 | 28.64 | OK | |
r-devel-linux-x86_64-debian-gcc | 0.3.0 | 2.19 | 20.24 | 22.43 | OK | |
r-devel-linux-x86_64-fedora-clang | 0.3.0 | 50.95 | NOTE | |||
r-devel-linux-x86_64-fedora-gcc | 0.3.0 | 57.70 | NOTE | |||
r-devel-windows-x86_64 | 0.3.0 | 5.00 | 48.00 | 53.00 | OK | |
r-patched-linux-x86_64 | 0.3.0 | 2.82 | 24.24 | 27.06 | OK | |
r-release-linux-x86_64 | 0.3.0 | 2.84 | 24.51 | 27.35 | OK | |
r-release-macos-arm64 | 0.3.0 | 25.00 | OK | |||
r-release-macos-x86_64 | 0.3.0 | 36.00 | OK | |||
r-release-windows-x86_64 | 0.3.0 | 6.00 | 47.00 | 53.00 | OK | |
r-oldrel-macos-arm64 | 0.3.0 | 24.00 | OK | |||
r-oldrel-macos-x86_64 | 0.3.0 | 34.00 | OK | |||
r-oldrel-windows-x86_64 | 0.3.0 | 6.00 | 49.00 | 55.00 | OK |
Version: 0.3.0
Check: dependencies in R code
Result: NOTE
Namespaces in Imports field not imported from:
‘DT’ ‘DoseFinding’ ‘Rsolnp’ ‘ggplot2’ ‘kableExtra’ ‘knitr’
‘latticeExtra’ ‘purrr’ ‘readxl’ ‘shinyBS’ ‘shinyWidgets’ ‘shinyjs’
‘stringr’ ‘utils’
All declared Imports should be used.
Flavors: r-devel-linux-x86_64-fedora-clang, r-devel-linux-x86_64-fedora-gcc
These binaries (installable software) and packages are in development.
They may not be fully stable and should be used with caution. We make no claims about them.