CRAN Package Check Results for Package dostats

Last updated on 2025-07-01 11:49:17 CEST.

Flavor Version Tinstall Tcheck Ttotal Status Flags
r-devel-linux-x86_64-debian-clang 1.3.3 1.98 22.53 24.51 NOTE
r-devel-linux-x86_64-debian-gcc 1.3.3 1.50 18.17 19.67 NOTE
r-devel-linux-x86_64-fedora-clang 1.3.3 37.13 OK
r-devel-linux-x86_64-fedora-gcc 1.3.3 35.72 OK
r-devel-windows-x86_64 1.3.3 3.00 46.00 49.00 OK
r-patched-linux-x86_64 OK
r-release-linux-x86_64 1.3.3 1.76 20.99 22.75 OK
r-release-macos-arm64 1.3.3 29.00 OK
r-release-macos-x86_64 1.3.3 29.00 OK
r-release-windows-x86_64 1.3.3 3.00 46.00 49.00 OK
r-oldrel-macos-arm64 1.3.3 16.00 OK
r-oldrel-macos-x86_64 1.3.3 22.00 OK
r-oldrel-windows-x86_64 1.3.3 3.00 49.00 52.00 OK

Check Details

Version: 1.3.3
Check: CRAN incoming feasibility
Result: NOTE Maintainer: ‘Andrew Redd <Andrew.Redd@hsc.utah.edu>’ No Authors@R field in DESCRIPTION. Please add one, modifying Authors@R: person(given = "Andrew", family = "Redd", role = c("aut", "cre"), email = "Andrew.Redd@hsc.utah.edu") as necessary. Flavors: r-devel-linux-x86_64-debian-clang, r-devel-linux-x86_64-debian-gcc

These binaries (installable software) and packages are in development.
They may not be fully stable and should be used with caution. We make no claims about them.