Last updated on 2025-05-08 04:52:03 CEST.
Flavor | Version | Tinstall | Tcheck | Ttotal | Status | Flags |
---|---|---|---|---|---|---|
r-devel-linux-x86_64-debian-clang | 1.3.3 | 1.86 | 21.99 | 23.85 | NOTE | |
r-devel-linux-x86_64-debian-gcc | 1.3.3 | 1.51 | 17.64 | 19.15 | NOTE | |
r-devel-linux-x86_64-fedora-clang | 1.3.3 | 37.01 | OK | |||
r-devel-linux-x86_64-fedora-gcc | 1.3.3 | 35.38 | OK | |||
r-devel-windows-x86_64 | 1.3.3 | 4.00 | 46.00 | 50.00 | OK | |
r-patched-linux-x86_64 | 1.3.3 | 2.00 | 21.00 | 23.00 | OK | |
r-release-linux-x86_64 | 1.3.3 | 1.85 | 21.15 | 23.00 | OK | |
r-release-macos-arm64 | 1.3.3 | 29.00 | OK | |||
r-release-macos-x86_64 | 1.3.3 | 29.00 | OK | |||
r-release-windows-x86_64 | 1.3.3 | 4.00 | 46.00 | 50.00 | OK | |
r-oldrel-macos-arm64 | 1.3.3 | 16.00 | OK | |||
r-oldrel-macos-x86_64 | 1.3.3 | 22.00 | OK | |||
r-oldrel-windows-x86_64 | 1.3.3 | 3.00 | 48.00 | 51.00 | OK |
Version: 1.3.3
Check: CRAN incoming feasibility
Result: NOTE
Maintainer: ‘Andrew Redd <Andrew.Redd@hsc.utah.edu>’
No Authors@R field in DESCRIPTION.
Please add one, modifying
Authors@R: person(given = "Andrew",
family = "Redd",
role = c("aut", "cre"),
email = "Andrew.Redd@hsc.utah.edu")
as necessary.
Flavors: r-devel-linux-x86_64-debian-clang, r-devel-linux-x86_64-debian-gcc
These binaries (installable software) and packages are in development.
They may not be fully stable and should be used with caution. We make no claims about them.