Last updated on 2025-07-02 01:51:35 CEST.
Flavor | Version | Tinstall | Tcheck | Ttotal | Status | Flags |
---|---|---|---|---|---|---|
r-devel-linux-x86_64-debian-clang | 0.0.1 | 1.70 | 26.09 | 27.79 | NOTE | |
r-devel-linux-x86_64-debian-gcc | 0.0.1 | 1.31 | 21.08 | 22.39 | NOTE | |
r-devel-linux-x86_64-fedora-clang | 0.0.1 | 41.29 | NOTE | |||
r-devel-linux-x86_64-fedora-gcc | 0.0.1 | 39.50 | NOTE | |||
r-devel-windows-x86_64 | 0.0.1 | 2.00 | 46.00 | 48.00 | OK | |
r-patched-linux-x86_64 | OK | |||||
r-release-linux-x86_64 | 0.0.1 | 1.36 | 23.70 | 25.06 | OK | |
r-release-macos-arm64 | 0.0.1 | 20.00 | OK | |||
r-release-macos-x86_64 | 0.0.1 | 31.00 | OK | |||
r-release-windows-x86_64 | 0.0.1 | 3.00 | 45.00 | 48.00 | OK | |
r-oldrel-macos-arm64 | 0.0.1 | 17.00 | OK | |||
r-oldrel-macos-x86_64 | 0.0.1 | 27.00 | OK | |||
r-oldrel-windows-x86_64 | 0.0.1 | 3.00 | 49.00 | 52.00 | OK |
Version: 0.0.1
Check: CRAN incoming feasibility
Result: NOTE
Maintainer: ‘Jean-Mathieu Potvin <jm@potvin.xyz>’
The BugReports field in DESCRIPTION has
https://github.com/jeanmathieupotvin/dotprofile/issues/new
which should likely be
https://github.com/jeanmathieupotvin/dotprofile/issues/new/issues
instead.
Flavors: r-devel-linux-x86_64-debian-clang, r-devel-linux-x86_64-debian-gcc
Version: 0.0.1
Check: dependencies in R code
Result: NOTE
Namespace in Imports field not imported from: ‘R6’
All declared Imports should be used.
Flavors: r-devel-linux-x86_64-fedora-clang, r-devel-linux-x86_64-fedora-gcc
These binaries (installable software) and packages are in development.
They may not be fully stable and should be used with caution. We make no claims about them.