Last updated on 2025-05-08 04:52:03 CEST.
Flavor | Version | Tinstall | Tcheck | Ttotal | Status | Flags |
---|---|---|---|---|---|---|
r-devel-linux-x86_64-debian-clang | 0.8.3 | 7.11 | 139.30 | 146.41 | NOTE | |
r-devel-linux-x86_64-debian-gcc | 0.8.4 | 5.22 | 101.50 | 106.72 | OK | |
r-devel-linux-x86_64-fedora-clang | 0.8.4 | 231.09 | OK | |||
r-devel-linux-x86_64-fedora-gcc | 0.8.4 | 251.11 | OK | |||
r-devel-windows-x86_64 | 0.8.3 | 11.00 | 125.00 | 136.00 | NOTE | |
r-patched-linux-x86_64 | 0.8.3 | 6.25 | 128.82 | 135.07 | NOTE | |
r-release-linux-x86_64 | 0.8.3 | 6.02 | 130.32 | 136.34 | NOTE | |
r-release-macos-arm64 | 0.8.4 | 71.00 | OK | |||
r-release-macos-x86_64 | 0.8.4 | 166.00 | OK | |||
r-release-windows-x86_64 | 0.8.4 | 13.00 | 146.00 | 159.00 | OK | |
r-oldrel-macos-arm64 | 0.8.4 | 73.00 | OK | |||
r-oldrel-macos-x86_64 | 0.8.4 | 152.00 | OK | |||
r-oldrel-windows-x86_64 | 0.8.3 | 15.00 | 160.00 | 175.00 | OK |
Version: 0.8.3
Check: DESCRIPTION meta-information
Result: NOTE
Missing dependency on R >= 4.2.0 because package code uses the pipe
placeholder syntax added in R 4.2.0.
File(s) using such syntax:
‘dwplot.R’
Flavors: r-devel-linux-x86_64-debian-clang, r-devel-windows-x86_64, r-patched-linux-x86_64, r-release-linux-x86_64
These binaries (installable software) and packages are in development.
They may not be fully stable and should be used with caution. We make no claims about them.