CRAN Package Check Results for Package doubt

Last updated on 2025-10-23 11:50:11 CEST.

Flavor Version Tinstall Tcheck Ttotal Status Flags
r-devel-linux-x86_64-debian-clang 0.1.0 1.72 23.98 25.70 OK
r-devel-linux-x86_64-debian-gcc 0.1.0 1.54 19.22 20.76 OK
r-devel-linux-x86_64-fedora-clang 0.1.0 36.90 OK
r-devel-linux-x86_64-fedora-gcc 0.1.0 34.18 OK
r-devel-windows-x86_64 0.1.0 4.00 41.00 45.00 OK
r-patched-linux-x86_64 0.1.0 1.51 21.22 22.73 OK
r-release-linux-x86_64 0.1.0 1.73 21.08 22.81 OK
r-release-macos-arm64 0.1.0 1.00 17.00 18.00 OK
r-release-macos-x86_64 0.1.0 2.00 24.00 26.00 OK
r-release-windows-x86_64 0.1.0 3.00 43.00 46.00 OK
r-oldrel-macos-arm64 0.1.0 1.00 15.00 16.00 NOTE
r-oldrel-macos-x86_64 0.1.0 1.00 22.00 23.00 NOTE
r-oldrel-windows-x86_64 0.1.0 3.00 47.00 50.00 NOTE

Check Details

Version: 0.1.0
Check: LazyData
Result: NOTE 'LazyData' is specified without a 'data' directory Flavors: r-oldrel-macos-arm64, r-oldrel-macos-x86_64, r-oldrel-windows-x86_64

These binaries (installable software) and packages are in development.
They may not be fully stable and should be used with caution. We make no claims about them.