Last updated on 2025-10-23 17:50:46 CEST.
Flavor | Version | Tinstall | Tcheck | Ttotal | Status | Flags |
---|---|---|---|---|---|---|
r-devel-linux-x86_64-debian-clang | 5.1.3 | 26.09 | 390.51 | 416.60 | OK | |
r-devel-linux-x86_64-debian-gcc | 5.1.3 | 15.78 | 238.48 | 254.26 | NOTE | |
r-devel-linux-x86_64-fedora-clang | 5.1.3 | 111.00 | 560.76 | 671.76 | NOTE | |
r-devel-linux-x86_64-fedora-gcc | 5.1.3 | 127.00 | 534.54 | 661.54 | NOTE | |
r-devel-windows-x86_64 | 5.1.3 | 23.00 | 297.00 | 320.00 | OK | |
r-patched-linux-x86_64 | 5.1.3 | 24.04 | 361.92 | 385.96 | OK | |
r-release-linux-x86_64 | 5.1.3 | 24.19 | 359.51 | 383.70 | OK | |
r-release-macos-arm64 | 5.1.3 | 10.00 | 173.00 | 183.00 | OK | |
r-release-macos-x86_64 | 5.1.3 | 23.00 | 331.00 | 354.00 | OK | |
r-release-windows-x86_64 | 5.1.3 | 22.00 | 296.00 | 318.00 | OK | |
r-oldrel-macos-arm64 | 5.1.3 | 11.00 | 149.00 | 160.00 | OK | |
r-oldrel-macos-x86_64 | 5.1.3 | 33.00 | 318.00 | 351.00 | OK | |
r-oldrel-windows-x86_64 | 5.1.3 | 31.00 | 403.00 | 434.00 | OK |
Version: 5.1.3
Check: Rd files
Result: NOTE
checkRd: (-1) Downscale-package.Rd:23: height/width attributes should be in pixels
checkRd: (-1) upgrain.Rd:74: height/width attributes should be in pixels
checkRd: (-1) upgrain.threshold.Rd:42: height/width attributes should be in pixels
checkRd: (-1) upgrain.threshold.Rd:80: height/width attributes should be in pixels
Flavor: r-devel-linux-x86_64-debian-gcc
Version: 5.1.3
Check: Rd files
Result: NOTE
checkRd: (-1) Downscale-package.Rd:23: height/width attributes should be in pixels
checkRd: (-1) downscale.Rd:77-87: Only 11 columns allowed in this table (row 1 has 10)
checkRd: (-1) downscale.Rd:77-87: Only 11 columns allowed in this table (row 2 has 10)
checkRd: (-1) downscale.Rd:77-87: Only 11 columns allowed in this table (row 3 has 10)
checkRd: (-1) downscale.Rd:77-87: Only 11 columns allowed in this table (row 5 has 10)
checkRd: (-1) downscale.Rd:77-87: Only 11 columns allowed in this table (row 6 has 9)
checkRd: (-1) downscale.Rd:77-87: Only 11 columns allowed in this table (row 7 has 9)
checkRd: (-1) downscale.Rd:77-87: Only 11 columns allowed in this table (row 8 has 10)
checkRd: (-1) downscale.Rd:77-87: Only 11 columns allowed in this table (row 9 has 9)
checkRd: (-1) ensemble.downscale.Rd:61-71: Only 11 columns allowed in this table (row 1 has 10)
checkRd: (-1) ensemble.downscale.Rd:61-71: Only 11 columns allowed in this table (row 2 has 10)
checkRd: (-1) ensemble.downscale.Rd:61-71: Only 11 columns allowed in this table (row 3 has 10)
checkRd: (-1) ensemble.downscale.Rd:61-71: Only 11 columns allowed in this table (row 5 has 10)
checkRd: (-1) ensemble.downscale.Rd:61-71: Only 11 columns allowed in this table (row 6 has 9)
checkRd: (-1) ensemble.downscale.Rd:61-71: Only 11 columns allowed in this table (row 7 has 9)
checkRd: (-1) ensemble.downscale.Rd:61-71: Only 11 columns allowed in this table (row 8 has 10)
checkRd: (-1) ensemble.downscale.Rd:61-71: Only 11 columns allowed in this table (row 9 has 9)
checkRd: (-1) upgrain.Rd:74: height/width attributes should be in pixels
checkRd: (-1) upgrain.threshold.Rd:42: height/width attributes should be in pixels
checkRd: (-1) upgrain.threshold.Rd:80: height/width attributes should be in pixels
Flavors: r-devel-linux-x86_64-fedora-clang, r-devel-linux-x86_64-fedora-gcc
These binaries (installable software) and packages are in development.
They may not be fully stable and should be used with caution. We make no claims about them.