Last updated on 2025-05-21 21:49:15 CEST.
Flavor | Version | Tinstall | Tcheck | Ttotal | Status | Flags |
---|---|---|---|---|---|---|
r-devel-linux-x86_64-debian-clang | 2.3 | 50.96 | 587.85 | 638.81 | OK | |
r-devel-linux-x86_64-debian-gcc | 2.3 | 38.78 | 414.93 | 453.71 | OK | |
r-devel-linux-x86_64-fedora-clang | 2.3 | 999.24 | OK | |||
r-devel-linux-x86_64-fedora-gcc | 2.3 | 977.78 | OK | |||
r-devel-windows-x86_64 | 2.3 | 55.00 | 636.00 | 691.00 | OK | |
r-patched-linux-x86_64 | 2.3 | 46.94 | 557.94 | 604.88 | OK | |
r-release-linux-x86_64 | 2.3 | 49.97 | 552.96 | 602.93 | OK | |
r-release-macos-arm64 | 2.3 | 271.00 | OK | |||
r-release-macos-x86_64 | 2.3 | 516.00 | OK | |||
r-release-windows-x86_64 | 2.3 | 55.00 | 601.00 | 656.00 | OK | |
r-oldrel-macos-arm64 | 2.3 | 196.00 | OK | |||
r-oldrel-macos-x86_64 | 2.3 | 315.00 | NOTE | |||
r-oldrel-windows-x86_64 | 2.3 | 73.00 | 716.00 | 789.00 | OK |
Version: 2.3
Check: package dependencies
Result: NOTE
Package suggested but not available for checking: ‘pwalign’
Flavor: r-oldrel-macos-x86_64
These binaries (installable software) and packages are in development.
They may not be fully stable and should be used with caution. We make no claims about them.