Last updated on 2025-11-16 03:49:54 CET.
| Flavor | Version | Tinstall | Tcheck | Ttotal | Status | Flags |
|---|---|---|---|---|---|---|
| r-devel-linux-x86_64-debian-clang | 1.0.0 | 15.98 | 26.26 | 42.24 | NOTE | |
| r-devel-linux-x86_64-debian-gcc | 1.0.0 | 10.70 | 21.43 | 32.13 | NOTE | |
| r-devel-linux-x86_64-fedora-clang | 1.0.0 | 24.00 | 44.26 | 68.26 | OK | |
| r-devel-linux-x86_64-fedora-gcc | 1.0.0 | 38.00 | 26.30 | 64.30 | OK | |
| r-devel-windows-x86_64 | 1.0.0 | 25.00 | 54.00 | 79.00 | OK | |
| r-patched-linux-x86_64 | 1.0.0 | 14.32 | 23.76 | 38.08 | OK | |
| r-release-linux-x86_64 | 1.0.0 | 15.73 | 23.71 | 39.44 | OK | |
| r-release-macos-arm64 | 1.0.0 | 10.00 | 22.00 | 32.00 | OK | |
| r-release-macos-x86_64 | 1.0.0 | 10.00 | 31.00 | 41.00 | OK | |
| r-release-windows-x86_64 | 1.0.0 | 19.00 | 57.00 | 76.00 | OK | |
| r-oldrel-macos-arm64 | 1.0.0 | 7.00 | 16.00 | 23.00 | OK | |
| r-oldrel-macos-x86_64 | 1.0.0 | 9.00 | 20.00 | 29.00 | OK | |
| r-oldrel-windows-x86_64 | 1.0.0 | 19.00 | 68.00 | 87.00 | OK |
Version: 1.0.0
Check: CRAN incoming feasibility
Result: NOTE
Maintainer: ‘Bingyuan Zhang <zhang@sigmath.es.osaka-u.ac.jp>’
No Authors@R field in DESCRIPTION.
Please add one, modifying
Authors@R: c(person(given = "Bingyuan",
family = "Zhang",
role = c("aut", "cre"),
email = "zhang@sigmath.es.osaka-u.ac.jp"),
person(given = "Jie",
family = "Chen",
role = "aut"),
person(given = "Yoshikazu",
family = "Terada",
role = "aut"))
as necessary.
Flavors: r-devel-linux-x86_64-debian-clang, r-devel-linux-x86_64-debian-gcc
These binaries (installable software) and packages are in development.
They may not be fully stable and should be used with caution. We make no claims about them.