CRAN Package Check Results for Package dpcc

Last updated on 2025-07-21 19:49:42 CEST.

Flavor Version Tinstall Tcheck Ttotal Status Flags
r-devel-linux-x86_64-debian-clang 1.0.0 15.04 24.31 39.35 NOTE
r-devel-linux-x86_64-debian-gcc 1.0.0 11.32 20.16 31.48 NOTE
r-devel-linux-x86_64-fedora-clang 1.0.0 66.90 OK
r-devel-linux-x86_64-fedora-gcc 1.0.0 63.58 OK
r-devel-windows-x86_64 1.0.0 20.00 62.00 82.00 OK
r-patched-linux-x86_64 1.0.0 15.63 22.23 37.86 OK
r-release-linux-x86_64 1.0.0 15.34 22.36 37.70 OK
r-release-macos-arm64 1.0.0 32.00 OK
r-release-macos-x86_64 1.0.0 41.00 OK
r-release-windows-x86_64 1.0.0 18.00 59.00 77.00 OK
r-oldrel-macos-arm64 1.0.0 23.00 OK
r-oldrel-macos-x86_64 1.0.0 29.00 OK
r-oldrel-windows-x86_64 1.0.0 18.00 66.00 84.00 OK

Check Details

Version: 1.0.0
Check: CRAN incoming feasibility
Result: NOTE Maintainer: ‘Bingyuan Zhang <zhang@sigmath.es.osaka-u.ac.jp>’ No Authors@R field in DESCRIPTION. Please add one, modifying Authors@R: c(person(given = "Bingyuan", family = "Zhang", role = c("aut", "cre"), email = "zhang@sigmath.es.osaka-u.ac.jp"), person(given = "Jie", family = "Chen", role = "aut"), person(given = "Yoshikazu", family = "Terada", role = "aut")) as necessary. Flavors: r-devel-linux-x86_64-debian-clang, r-devel-linux-x86_64-debian-gcc

These binaries (installable software) and packages are in development.
They may not be fully stable and should be used with caution. We make no claims about them.