CRAN Package Check Results for Package dpkg

Last updated on 2025-11-13 03:50:59 CET.

Flavor Version Tinstall Tcheck Ttotal Status Flags
r-devel-linux-x86_64-debian-clang 0.6.1 1.90 32.60 34.50 NOTE
r-devel-linux-x86_64-debian-gcc 0.6.1 1.59 24.82 26.41 NOTE
r-devel-linux-x86_64-fedora-clang 0.6.1 52.10 NOTE
r-devel-linux-x86_64-fedora-gcc 0.6.1 46.67 NOTE
r-devel-windows-x86_64 0.6.1 4.00 50.00 54.00 NOTE
r-patched-linux-x86_64 0.6.1 2.05 29.01 31.06 NOTE
r-release-linux-x86_64 0.6.1 1.65 29.68 31.33 NOTE
r-release-macos-arm64 0.6.1 1.00 34.00 35.00 NOTE
r-release-macos-x86_64 0.6.1 2.00 41.00 43.00 NOTE
r-release-windows-x86_64 0.6.1 5.00 50.00 55.00 NOTE
r-oldrel-macos-arm64 0.6.1 1.00 35.00 36.00 OK
r-oldrel-macos-x86_64 0.6.1 2.00 40.00 42.00 OK
r-oldrel-windows-x86_64 0.6.1 5.00 58.00 63.00 OK

Check Details

Version: 0.6.1
Check: DESCRIPTION meta-information
Result: NOTE Missing dependency on R >= 4.1.0 because package code uses the pipe |> or function shorthand \(...) syntax added in R 4.1.0. File(s) using such syntax: ‘dpkg_release_gh.R’ ‘read_dpkg.Rd’ ‘stow.R’ ‘stow.Rd’ Flavors: r-devel-linux-x86_64-debian-clang, r-devel-linux-x86_64-debian-gcc, r-devel-linux-x86_64-fedora-clang, r-devel-linux-x86_64-fedora-gcc, r-devel-windows-x86_64, r-patched-linux-x86_64, r-release-linux-x86_64, r-release-macos-arm64, r-release-macos-x86_64, r-release-windows-x86_64

These binaries (installable software) and packages are in development.
They may not be fully stable and should be used with caution. We make no claims about them.