CRAN Package Check Results for Package dpkg

Last updated on 2025-07-25 00:49:22 CEST.

Flavor Version Tinstall Tcheck Ttotal Status Flags
r-devel-linux-x86_64-debian-clang 0.6.1 1.92 30.77 32.69 NOTE
r-devel-linux-x86_64-debian-gcc 0.6.1 1.46 23.84 25.30 NOTE
r-devel-linux-x86_64-fedora-clang 0.6.1 48.04 NOTE
r-devel-linux-x86_64-fedora-gcc 0.6.1 46.47 NOTE
r-devel-windows-x86_64 0.6.1 4.00 50.00 54.00 NOTE
r-patched-linux-x86_64 0.6.1 1.84 27.82 29.66 NOTE
r-release-linux-x86_64 0.6.1 1.88 28.63 30.51 NOTE
r-release-macos-arm64 0.6.1 35.00 NOTE
r-release-macos-x86_64 0.6.1 43.00 NOTE
r-release-windows-x86_64 0.6.1 4.00 49.00 53.00 NOTE
r-oldrel-macos-arm64 0.6.1 36.00 OK
r-oldrel-macos-x86_64 0.6.1 42.00 OK
r-oldrel-windows-x86_64 0.6.1 4.00 58.00 62.00 OK

Check Details

Version: 0.6.1
Check: DESCRIPTION meta-information
Result: NOTE Missing dependency on R >= 4.1.0 because package code uses the pipe |> or function shorthand \(...) syntax added in R 4.1.0. File(s) using such syntax: ‘dpkg_release_gh.R’ ‘read_dpkg.Rd’ ‘stow.R’ ‘stow.Rd’ Flavors: r-devel-linux-x86_64-debian-clang, r-devel-linux-x86_64-debian-gcc, r-devel-linux-x86_64-fedora-clang, r-devel-linux-x86_64-fedora-gcc, r-devel-windows-x86_64, r-patched-linux-x86_64, r-release-linux-x86_64, r-release-macos-arm64, r-release-macos-x86_64, r-release-windows-x86_64

These binaries (installable software) and packages are in development.
They may not be fully stable and should be used with caution. We make no claims about them.