Last updated on 2025-10-23 23:49:27 CEST.
| Flavor | Version | Tinstall | Tcheck | Ttotal | Status | Flags |
|---|---|---|---|---|---|---|
| r-devel-linux-x86_64-debian-clang | 1.7.8 | 28.58 | 219.64 | 248.22 | OK | |
| r-devel-linux-x86_64-debian-gcc | 1.7.8 | 19.17 | 144.01 | 163.18 | NOTE | |
| r-devel-linux-x86_64-fedora-clang | 1.7.8 | 108.00 | 292.93 | 400.93 | OK | |
| r-devel-linux-x86_64-fedora-gcc | 1.7.8 | 61.00 | 303.56 | 364.56 | OK | |
| r-devel-windows-x86_64 | 1.7.8 | 35.00 | 230.00 | 265.00 | OK | |
| r-patched-linux-x86_64 | 1.7.8 | 31.63 | 206.54 | 238.17 | OK | |
| r-release-linux-x86_64 | 1.7.8 | 28.14 | 206.44 | 234.58 | OK | |
| r-release-macos-arm64 | 1.7.8 | 16.00 | 92.00 | 108.00 | OK | |
| r-release-macos-x86_64 | 1.7.8 | 28.00 | 190.00 | 218.00 | OK | |
| r-release-windows-x86_64 | 1.7.8 | 38.00 | 233.00 | 271.00 | OK | |
| r-oldrel-macos-arm64 | 1.7.8 | 15.00 | 90.00 | 105.00 | OK | |
| r-oldrel-macos-x86_64 | 1.7.8 | 24.00 | 189.00 | 213.00 | OK | |
| r-oldrel-windows-x86_64 | 1.7.8 | 48.00 | 298.00 | 346.00 | OK |
Version: 1.7.8
Check: Rd files
Result: NOTE
checkRd: (-1) csv2rwl.Rd:20-30: Only 5 columns allowed in this table (row 9 has 1)
Flavor: r-devel-linux-x86_64-debian-gcc
These binaries (installable software) and packages are in development.
They may not be fully stable and should be used with caution. We make no claims about them.