CRAN Package Check Results for Package dppmix

Last updated on 2025-05-07 15:49:14 CEST.

Flavor Version Tinstall Tcheck Ttotal Status Flags
r-devel-linux-x86_64-debian-clang 0.1.1 2.40 22.41 24.81 NOTE
r-devel-linux-x86_64-debian-gcc 0.1.1 2.04 17.52 19.56 NOTE
r-devel-linux-x86_64-fedora-clang 0.1.1 37.02 OK
r-devel-linux-x86_64-fedora-gcc 0.1.1 35.49 OK
r-devel-windows-x86_64 0.1.1 5.00 41.00 46.00 OK
r-patched-linux-x86_64 0.1.1 2.51 21.04 23.55 NOTE
r-release-linux-x86_64 0.1.1 2.42 21.21 23.63 NOTE
r-release-macos-arm64 0.1.1 29.00 OK
r-release-macos-x86_64 0.1.1 31.00 OK
r-release-windows-x86_64 0.1.1 3.00 42.00 45.00 OK
r-oldrel-macos-arm64 0.1.1 16.00 OK
r-oldrel-macos-x86_64 0.1.1 24.00 OK
r-oldrel-windows-x86_64 0.1.1 3.00 45.00 48.00 OK

Check Details

Version: 0.1.1
Check: CRAN incoming feasibility
Result: NOTE Maintainer: ‘David J. H. Shih <djh.shih@gmail.com>’ No Authors@R field in DESCRIPTION. Please add one, modifying Authors@R: c(person(given = "Yanxun", family = "Xu", role = "aut"), person(given = "Peter", family = "Mueller", role = "aut"), person(given = "Donatello", family = "Telesca", role = "aut"), person(given = c("David", "J.", "H."), family = "Shih", role = c("aut", "cre"), email = "djh.shih@gmail.com")) as necessary. Flavors: r-devel-linux-x86_64-debian-clang, r-devel-linux-x86_64-debian-gcc

Version: 0.1.1
Check: for unstated dependencies in ‘demo’
Result: NOTE 'library' or 'require' call not declared from: ‘devtools’ Flavors: r-devel-linux-x86_64-debian-clang, r-devel-linux-x86_64-debian-gcc, r-patched-linux-x86_64, r-release-linux-x86_64

These binaries (installable software) and packages are in development.
They may not be fully stable and should be used with caution. We make no claims about them.