Last updated on 2025-02-16 10:50:44 CET.
Flavor | Version | Tinstall | Tcheck | Ttotal | Status | Flags |
---|---|---|---|---|---|---|
r-devel-linux-x86_64-debian-clang | 2.0.0 | 10.66 | 112.88 | 123.54 | NOTE | |
r-devel-linux-x86_64-debian-gcc | 2.0.0 | 7.62 | 80.06 | 87.68 | NOTE | |
r-devel-linux-x86_64-fedora-clang | 2.0.0 | 215.54 | NOTE | |||
r-devel-linux-x86_64-fedora-gcc | 2.0.0 | 199.69 | NOTE | |||
r-devel-macos-arm64 | 2.0.0 | 59.00 | NOTE | |||
r-devel-macos-x86_64 | 2.0.0 | 128.00 | NOTE | |||
r-devel-windows-x86_64 | 2.0.0 | 12.00 | 117.00 | 129.00 | NOTE | |
r-patched-linux-x86_64 | 2.0.0 | 9.99 | 103.96 | 113.95 | NOTE | |
r-release-linux-x86_64 | 2.0.0 | 9.10 | 103.91 | 113.01 | NOTE | |
r-release-macos-arm64 | 2.0.0 | 57.00 | NOTE | |||
r-release-macos-x86_64 | 2.0.0 | 92.00 | NOTE | |||
r-release-windows-x86_64 | 2.0.0 | 12.00 | 121.00 | 133.00 | NOTE | |
r-oldrel-macos-arm64 | 2.0.0 | 66.00 | NOTE | |||
r-oldrel-macos-x86_64 | 2.0.0 | 100.00 | NOTE | |||
r-oldrel-windows-x86_64 | 2.0.0 | 15.00 | 158.00 | 173.00 | NOTE |
Version: 2.0.0
Check: Rd files
Result: NOTE
checkRd: (-1) confint.dr4pl.Rd:49: Escaped LaTeX specials: \&
checkRd: (-1) gof-dr4pl.Rd:40: Escaped LaTeX specials: \&
checkRd: (-1) vcov.dr4pl.Rd:61: Escaped LaTeX specials: \&
Flavors: r-devel-linux-x86_64-debian-clang, r-devel-linux-x86_64-debian-gcc, r-devel-linux-x86_64-fedora-clang, r-devel-linux-x86_64-fedora-gcc, r-devel-macos-arm64, r-devel-macos-x86_64, r-devel-windows-x86_64, r-patched-linux-x86_64, r-release-linux-x86_64, r-release-macos-arm64, r-release-macos-x86_64, r-release-windows-x86_64, r-oldrel-macos-arm64, r-oldrel-macos-x86_64, r-oldrel-windows-x86_64
These binaries (installable software) and packages are in development.
They may not be fully stable and should be used with caution. We make no claims about them.