CRAN Package Check Results for Package dracor

Last updated on 2025-07-21 19:49:42 CEST.

Flavor Version Tinstall Tcheck Ttotal Status Flags
r-devel-linux-x86_64-debian-clang 0.2.6 113.44 25.64 139.08 OK
r-devel-linux-x86_64-debian-gcc 0.2.6 81.54 21.81 103.35 OK
r-devel-linux-x86_64-fedora-clang 0.2.6 300.23 OK
r-devel-linux-x86_64-fedora-gcc 0.2.6 255.09 OK
r-devel-windows-x86_64 0.2.6 133.00 68.00 201.00 OK
r-patched-linux-x86_64 0.2.6 112.35 23.55 135.90 OK
r-release-linux-x86_64 0.2.6 108.79 23.65 132.44 OK
r-release-macos-arm64 0.2.6 76.00 OK
r-release-macos-x86_64 0.2.6 66.00 OK
r-release-windows-x86_64 0.2.6 137.00 70.00 207.00 OK
r-oldrel-macos-arm64 0.2.6 58.00 NOTE
r-oldrel-macos-x86_64 0.2.6 56.00 NOTE
r-oldrel-windows-x86_64 0.2.6 132.00 79.00 211.00 OK

Additional issues

donttest

Check Details

Version: 0.2.6
Check: installed package size
Result: NOTE installed size is 12.4Mb sub-directories of 1Mb or more: libs 12.2Mb Flavors: r-oldrel-macos-arm64, r-oldrel-macos-x86_64

These binaries (installable software) and packages are in development.
They may not be fully stable and should be used with caution. We make no claims about them.