Last updated on 2025-05-03 22:49:51 CEST.
Flavor | Version | Tinstall | Tcheck | Ttotal | Status | Flags |
---|---|---|---|---|---|---|
r-devel-linux-x86_64-debian-clang | 0.2.6 | 115.68 | 25.17 | 140.85 | OK | |
r-devel-linux-x86_64-debian-gcc | 0.2.6 | 80.32 | 20.73 | 101.05 | OK | |
r-devel-linux-x86_64-fedora-clang | 0.2.6 | 302.01 | OK | |||
r-devel-linux-x86_64-fedora-gcc | 0.2.6 | 301.43 | OK | |||
r-devel-windows-x86_64 | 0.2.6 | 134.00 | 67.00 | 201.00 | OK | |
r-patched-linux-x86_64 | 0.2.6 | 108.76 | 23.59 | 132.35 | OK | |
r-release-linux-x86_64 | OK | |||||
r-release-macos-arm64 | 0.2.6 | 76.00 | OK | |||
r-release-macos-x86_64 | 0.2.6 | 66.00 | OK | |||
r-release-windows-x86_64 | 0.2.6 | 139.00 | 66.00 | 205.00 | OK | |
r-oldrel-macos-arm64 | 0.2.6 | 58.00 | NOTE | |||
r-oldrel-macos-x86_64 | 0.2.6 | 56.00 | NOTE | |||
r-oldrel-windows-x86_64 | 0.2.6 | 128.00 | 81.00 | 209.00 | OK |
Version: 0.2.6
Check: installed package size
Result: NOTE
installed size is 12.4Mb
sub-directories of 1Mb or more:
libs 12.2Mb
Flavors: r-oldrel-macos-arm64, r-oldrel-macos-x86_64
These binaries (installable software) and packages are in development.
They may not be fully stable and should be used with caution. We make no claims about them.