Last updated on 2025-02-16 10:50:44 CET.
Flavor | Version | Tinstall | Tcheck | Ttotal | Status | Flags |
---|---|---|---|---|---|---|
r-devel-linux-x86_64-debian-clang | 0.2.6 | 113.52 | 23.97 | 137.49 | OK | |
r-devel-linux-x86_64-debian-gcc | 0.2.6 | 81.35 | 19.32 | 100.67 | OK | |
r-devel-linux-x86_64-fedora-clang | 0.2.6 | 339.02 | OK | |||
r-devel-linux-x86_64-fedora-gcc | 0.2.6 | 294.92 | OK | |||
r-devel-macos-arm64 | 0.2.6 | 60.00 | OK | |||
r-devel-macos-x86_64 | 0.2.6 | 65.00 | OK | |||
r-devel-windows-x86_64 | 0.2.6 | 125.00 | 74.00 | 199.00 | OK | |
r-patched-linux-x86_64 | 0.2.6 | 110.36 | 22.66 | 133.02 | OK | |
r-release-linux-x86_64 | 0.2.6 | 111.67 | 22.88 | 134.55 | OK | |
r-release-macos-arm64 | 0.2.6 | 58.00 | NOTE | |||
r-release-macos-x86_64 | 0.2.6 | 56.00 | NOTE | |||
r-release-windows-x86_64 | 0.2.6 | 125.00 | 73.00 | 198.00 | OK | |
r-oldrel-macos-arm64 | 0.2.6 | 70.00 | NOTE | |||
r-oldrel-macos-x86_64 | 0.2.6 | 123.00 | NOTE | |||
r-oldrel-windows-x86_64 | 0.2.6 | 123.00 | 84.00 | 207.00 | OK |
Version: 0.2.6
Check: installed package size
Result: NOTE
installed size is 12.4Mb
sub-directories of 1Mb or more:
libs 12.2Mb
Flavors: r-release-macos-arm64, r-release-macos-x86_64, r-oldrel-macos-arm64, r-oldrel-macos-x86_64
These binaries (installable software) and packages are in development.
They may not be fully stable and should be used with caution. We make no claims about them.