CRAN Package Check Results for Package dragulaR

Last updated on 2025-05-08 04:52:03 CEST.

Flavor Version Tinstall Tcheck Ttotal Status Flags
r-devel-linux-x86_64-debian-clang 0.3.1 2.87 30.58 33.45 OK
r-devel-linux-x86_64-debian-gcc 0.3.1 2.64 23.99 26.63 OK
r-devel-linux-x86_64-fedora-clang 0.3.1 52.11 OK
r-devel-linux-x86_64-fedora-gcc 0.3.1 49.46 OK
r-devel-windows-x86_64 0.3.1 5.00 56.00 61.00 OK
r-patched-linux-x86_64 0.3.1 3.48 29.04 32.52 OK
r-release-linux-x86_64 0.3.1 2.84 29.14 31.98 OK
r-release-macos-arm64 0.3.1 23.00 OK
r-release-macos-x86_64 0.3.1 34.00 OK
r-release-windows-x86_64 0.3.1 5.00 60.00 65.00 OK
r-oldrel-macos-arm64 0.3.1 21.00 NOTE
r-oldrel-macos-x86_64 0.3.1 29.00 NOTE
r-oldrel-windows-x86_64 0.3.1 6.00 56.00 62.00 NOTE

Check Details

Version: 0.3.1
Check: LazyData
Result: NOTE 'LazyData' is specified without a 'data' directory Flavors: r-oldrel-macos-arm64, r-oldrel-macos-x86_64, r-oldrel-windows-x86_64

These binaries (installable software) and packages are in development.
They may not be fully stable and should be used with caution. We make no claims about them.