Last updated on 2025-02-16 10:50:44 CET.
Flavor | Version | Tinstall | Tcheck | Ttotal | Status | Flags |
---|---|---|---|---|---|---|
r-devel-linux-x86_64-debian-clang | 0.2.5 | 1.75 | 41.13 | 42.88 | OK | |
r-devel-linux-x86_64-debian-gcc | 0.2.5 | 1.61 | 34.40 | 36.01 | OK | |
r-devel-linux-x86_64-fedora-clang | 0.2.5 | 75.28 | OK | |||
r-devel-linux-x86_64-fedora-gcc | 0.2.5 | 79.83 | OK | |||
r-devel-macos-arm64 | 0.2.5 | 41.00 | OK | |||
r-devel-macos-x86_64 | 0.2.5 | 54.00 | NOTE | |||
r-devel-windows-x86_64 | 0.2.5 | 3.00 | 103.00 | 106.00 | OK | |
r-patched-linux-x86_64 | 0.2.5 | 1.94 | 39.59 | 41.53 | OK | |
r-release-linux-x86_64 | 0.2.5 | 1.98 | 39.48 | 41.46 | OK | |
r-release-macos-arm64 | 0.2.5 | 52.00 | OK | |||
r-release-macos-x86_64 | 0.2.5 | 97.00 | OK | |||
r-release-windows-x86_64 | 0.2.5 | 4.00 | 118.00 | 122.00 | OK | |
r-oldrel-macos-arm64 | 0.2.5 | 51.00 | OK | |||
r-oldrel-macos-x86_64 | 0.2.5 | 97.00 | OK | |||
r-oldrel-windows-x86_64 | 0.2.5 | 3.00 | 105.00 | 108.00 | OK |
Version: 0.2.5
Check: package vignettes
Result: NOTE
Package vignettes without corresponding tangle output:
‘CombiningDratAndTravis.md’
‘DratFAQ.md’
‘DratForPackageAuthors.md’
‘DratForPackageUsers.md’
‘DratStepByStep.md’
‘WhyDrat.md’
Flavor: r-devel-macos-x86_64
These binaries (installable software) and packages are in development.
They may not be fully stable and should be used with caution. We make no claims about them.