Last updated on 2025-05-01 15:49:29 CEST.
Flavor | Version | Tinstall | Tcheck | Ttotal | Status | Flags |
---|---|---|---|---|---|---|
r-devel-linux-x86_64-debian-clang | 1.0.1 | 11.19 | 93.06 | 104.25 | NOTE | |
r-devel-linux-x86_64-debian-gcc | 1.0.1 | 8.72 | 68.81 | 77.53 | NOTE | |
r-devel-linux-x86_64-fedora-clang | 1.0.1 | 165.93 | OK | |||
r-devel-linux-x86_64-fedora-gcc | 1.0.1 | 155.27 | OK | |||
r-devel-windows-x86_64 | 1.0.1 | 13.00 | 93.00 | 106.00 | OK | |
r-patched-linux-x86_64 | 1.0.1 | 10.95 | 86.34 | 97.29 | OK | |
r-release-linux-x86_64 | OK | |||||
r-release-macos-arm64 | 1.0.1 | 49.00 | OK | |||
r-release-macos-x86_64 | 1.0.1 | 81.00 | OK | |||
r-release-windows-x86_64 | 1.0.1 | 13.00 | 98.00 | 111.00 | OK | |
r-oldrel-macos-arm64 | 1.0.1 | 46.00 | OK | |||
r-oldrel-macos-x86_64 | 1.0.1 | 66.00 | OK | |||
r-oldrel-windows-x86_64 | 1.0.1 | 14.00 | 109.00 | 123.00 | OK |
Version: 1.0.1
Check: CRAN incoming feasibility
Result: NOTE
Maintainer: ‘Kubra Atalay Kabasakal <katalay@hacettepe.edu.tr>’
Package CITATION file contains call(s) to old-style citEntry(). Please
use bibentry() instead.
Flavors: r-devel-linux-x86_64-debian-clang, r-devel-linux-x86_64-debian-gcc
These binaries (installable software) and packages are in development.
They may not be fully stable and should be used with caution. We make no claims about them.