CRAN Package Check Results for Package drclust

Last updated on 2025-11-11 15:50:32 CET.

Flavor Version Tinstall Tcheck Ttotal Status Flags
r-devel-linux-x86_64-debian-clang 0.1.1 151.39 97.09 248.48 OK
r-devel-linux-x86_64-debian-gcc 0.1.1 92.93 66.27 159.20 OK
r-devel-linux-x86_64-fedora-clang 0.1.1 261.00 191.70 452.70 OK
r-devel-linux-x86_64-fedora-gcc 0.1.1 279.00 154.61 433.61 OK
r-devel-windows-x86_64 0.1.1 158.00 117.00 275.00 OK
r-patched-linux-x86_64 0.1.1 139.01 87.94 226.95 OK
r-release-linux-x86_64 0.1.1 136.67 88.99 225.66 OK
r-release-macos-arm64 0.1.1 53.00 40.00 93.00 OK
r-release-macos-x86_64 0.1.1 60.00 59.00 119.00 OK
r-release-windows-x86_64 0.1.1 151.00 117.00 268.00 OK
r-oldrel-macos-arm64 0.1.1 54.00 51.00 105.00 NOTE
r-oldrel-macos-x86_64 0.1.1 54.00 75.00 129.00 NOTE
r-oldrel-windows-x86_64 0.1.1 146.00 145.00 291.00 OK

Check Details

Version: 0.1.1
Check: installed package size
Result: NOTE installed size is 9.9Mb sub-directories of 1Mb or more: libs 9.8Mb Flavors: r-oldrel-macos-arm64, r-oldrel-macos-x86_64

These binaries (installable software) and packages are in development.
They may not be fully stable and should be used with caution. We make no claims about them.