CRAN Package Check Results for Package drcte

Last updated on 2025-05-08 04:52:03 CEST.

Flavor Version Tinstall Tcheck Ttotal Status Flags
r-devel-linux-x86_64-debian-clang 1.0.30 22.81 116.25 139.06 NOTE
r-devel-linux-x86_64-debian-gcc 1.0.30 14.01 78.62 92.63 NOTE
r-devel-linux-x86_64-fedora-clang 1.0.30 212.14 OK
r-devel-linux-x86_64-fedora-gcc 1.0.30 205.87 OK
r-devel-windows-x86_64 1.0.30 23.00 115.00 138.00 NOTE
r-patched-linux-x86_64 1.0.30 18.12 108.53 126.65 NOTE
r-release-linux-x86_64 1.0.30 21.67 109.13 130.80 NOTE
r-release-macos-arm64 1.0.30 49.00 OK
r-release-macos-x86_64 1.0.30 102.00 OK
r-release-windows-x86_64 1.0.30 22.00 110.00 132.00 NOTE
r-oldrel-macos-arm64 1.0.30 52.00 OK
r-oldrel-macos-x86_64 1.0.30 79.00 OK
r-oldrel-windows-x86_64 1.0.30 30.00 144.00 174.00 OK

Check Details

Version: 1.0.30
Check: Rd cross-references
Result: NOTE Found the following Rd file(s) with Rd \link{} targets missing package anchors: ED.drcte.Rd: drm drmte.Rd: LL.4, LL.5, W1.4, getMeanFunctions, drmc drmteControl.Rd: drm Please provide package anchors for all Rd \link{} targets not in the package itself and the base packages. Flavors: r-devel-linux-x86_64-debian-clang, r-devel-linux-x86_64-debian-gcc, r-devel-windows-x86_64, r-patched-linux-x86_64, r-release-linux-x86_64, r-release-windows-x86_64

These binaries (installable software) and packages are in development.
They may not be fully stable and should be used with caution. We make no claims about them.