CRAN Package Check Results for Package drf

Last updated on 2025-05-01 08:52:31 CEST.

Flavor Version Tinstall Tcheck Ttotal Status Flags
r-devel-linux-x86_64-debian-clang 1.1.0 74.05 58.77 132.82 NOTE
r-devel-linux-x86_64-debian-gcc 1.1.0 55.38 45.63 101.01 NOTE
r-devel-linux-x86_64-fedora-clang 1.1.0 276.53 NOTE
r-devel-linux-x86_64-fedora-gcc 1.1.0 238.22 NOTE
r-devel-windows-x86_64 1.1.0 104.00 100.00 204.00 NOTE
r-patched-linux-x86_64 1.1.0 78.24 55.72 133.96 NOTE
r-release-linux-x86_64 NOTE
r-release-macos-arm64 1.1.0 76.00 NOTE
r-release-macos-x86_64 1.1.0 116.00 NOTE
r-release-windows-x86_64 1.1.0 106.00 105.00 211.00 NOTE
r-oldrel-macos-arm64 1.1.0 60.00 NOTE
r-oldrel-macos-x86_64 1.1.0 70.00 NOTE
r-oldrel-windows-x86_64 1.1.0 107.00 113.00 220.00 NOTE

Check Details

Version: 1.1.0
Check: CRAN incoming feasibility
Result: NOTE Maintainer: ‘Loris Michel <michel@stat.math.ethz.ch>’ No Authors@R field in DESCRIPTION. Please add one, modifying Authors@R: c(person(given = "Loris", family = "Michel", role = c("aut", "cre"), email = "michel@stat.math.ethz.ch"), person(given = "Domagoj", family = "Cevid", role = "aut")) as necessary. The Description field contains Cevid & Michel & Meinshausen & Buhlmann (2020) <arXiv:2005.14458>. Please refer to arXiv e-prints via their arXiv DOI <doi:10.48550/arXiv.YYMM.NNNNN>. Flavors: r-devel-linux-x86_64-debian-clang, r-devel-linux-x86_64-debian-gcc

Version: 1.1.0
Check: C++ specification
Result: NOTE Specified C++11: please drop specification unless essential Flavors: r-devel-linux-x86_64-debian-clang, r-devel-linux-x86_64-debian-gcc, r-devel-linux-x86_64-fedora-clang, r-devel-linux-x86_64-fedora-gcc, r-devel-windows-x86_64, r-patched-linux-x86_64, r-release-linux-x86_64, r-release-macos-arm64, r-release-macos-x86_64, r-release-windows-x86_64, r-oldrel-macos-arm64, r-oldrel-macos-x86_64, r-oldrel-windows-x86_64

Version: 1.1.0
Check: Rd files
Result: NOTE checkRd: (-1) predict.drf.Rd:30-31: Lost braces in \itemize; meant \describe ? checkRd: (-1) predict.drf.Rd:32-33: Lost braces in \itemize; meant \describe ? checkRd: (-1) predict.drf.Rd:34-35: Lost braces in \itemize; meant \describe ? checkRd: (-1) predict.drf.Rd:36-37: Lost braces in \itemize; meant \describe ? checkRd: (-1) predict.drf.Rd:38-39: Lost braces in \itemize; meant \describe ? checkRd: (-1) predict.drf.Rd:40-41: Lost braces in \itemize; meant \describe ? checkRd: (-1) predict.drf.Rd:42-43: Lost braces in \itemize; meant \describe ? checkRd: (-1) predict.drf.Rd:44: Lost braces in \itemize; meant \describe ? Flavors: r-devel-linux-x86_64-debian-clang, r-devel-linux-x86_64-debian-gcc, r-devel-linux-x86_64-fedora-clang, r-devel-linux-x86_64-fedora-gcc, r-devel-windows-x86_64, r-patched-linux-x86_64, r-release-linux-x86_64, r-release-macos-arm64, r-release-macos-x86_64, r-release-windows-x86_64, r-oldrel-macos-arm64, r-oldrel-macos-x86_64, r-oldrel-windows-x86_64

Version: 1.1.0
Check: installed package size
Result: NOTE installed size is 6.2Mb sub-directories of 1Mb or more: libs 6.0Mb Flavors: r-oldrel-macos-arm64, r-oldrel-macos-x86_64

Version: 1.1.0
Check: for GNU extensions in Makefiles
Result: NOTE GNU make is a SystemRequirements. Flavors: r-oldrel-macos-arm64, r-oldrel-macos-x86_64, r-oldrel-windows-x86_64

These binaries (installable software) and packages are in development.
They may not be fully stable and should be used with caution. We make no claims about them.