Last updated on 2025-05-01 15:49:29 CEST.
Flavor | Version | Tinstall | Tcheck | Ttotal | Status | Flags |
---|---|---|---|---|---|---|
r-devel-linux-x86_64-debian-clang | 1.0.0 | 36.15 | 305.47 | 341.62 | NOTE | |
r-devel-linux-x86_64-debian-gcc | 1.0.0 | 23.57 | 202.32 | 225.89 | NOTE | |
r-devel-linux-x86_64-fedora-clang | 1.0.0 | 527.03 | NOTE | |||
r-devel-linux-x86_64-fedora-gcc | 1.0.0 | 504.78 | NOTE | |||
r-devel-windows-x86_64 | 1.0.0 | 31.00 | 237.00 | 268.00 | NOTE | |
r-patched-linux-x86_64 | 1.0.0 | 32.63 | 282.30 | 314.93 | NOTE | |
r-release-linux-x86_64 | NOTE | |||||
r-release-macos-arm64 | 1.0.0 | 128.00 | NOTE | |||
r-release-macos-x86_64 | 1.0.0 | 248.00 | NOTE | |||
r-release-windows-x86_64 | 1.0.0 | 31.00 | 240.00 | 271.00 | NOTE | |
r-oldrel-macos-arm64 | 1.0.0 | 121.00 | OK | |||
r-oldrel-macos-x86_64 | 1.0.0 | 445.00 | OK | |||
r-oldrel-windows-x86_64 | 1.0.0 | 44.00 | 321.00 | 365.00 | OK |
Version: 1.0.0
Check: DESCRIPTION meta-information
Result: NOTE
Missing dependency on R >= 4.1.0 because package code uses the pipe
|> or function shorthand \(...) syntax added in R 4.1.0.
File(s) using such syntax:
‘goodmap.R’ ‘traits.R’
Flavors: r-devel-linux-x86_64-debian-clang, r-devel-linux-x86_64-debian-gcc, r-devel-linux-x86_64-fedora-clang, r-devel-linux-x86_64-fedora-gcc, r-devel-windows-x86_64, r-patched-linux-x86_64, r-release-linux-x86_64, r-release-macos-arm64, r-release-macos-x86_64, r-release-windows-x86_64
These binaries (installable software) and packages are in development.
They may not be fully stable and should be used with caution. We make no claims about them.