Last updated on 2025-11-13 17:50:32 CET.
| Flavor | Version | Tinstall | Tcheck | Ttotal | Status | Flags |
|---|---|---|---|---|---|---|
| r-devel-linux-x86_64-debian-clang | 1.0.0 | 34.77 | 317.53 | 352.30 | NOTE | |
| r-devel-linux-x86_64-debian-gcc | 1.0.0 | 25.61 | 210.18 | 235.79 | NOTE | |
| r-devel-linux-x86_64-fedora-clang | 1.0.0 | 82.00 | 479.42 | 561.42 | NOTE | |
| r-devel-linux-x86_64-fedora-gcc | 1.0.0 | 74.00 | 469.16 | 543.16 | NOTE | |
| r-devel-windows-x86_64 | 1.0.0 | 33.00 | 238.00 | 271.00 | NOTE | |
| r-patched-linux-x86_64 | 1.0.0 | 32.78 | 297.32 | 330.10 | NOTE | |
| r-release-linux-x86_64 | 1.0.0 | 32.53 | 300.53 | 333.06 | NOTE | |
| r-release-macos-arm64 | 1.0.0 | 14.00 | 114.00 | 128.00 | NOTE | |
| r-release-macos-x86_64 | 1.0.0 | 28.00 | 220.00 | 248.00 | NOTE | |
| r-release-windows-x86_64 | 1.0.0 | 34.00 | 234.00 | 268.00 | NOTE | |
| r-oldrel-macos-arm64 | 1.0.0 | 13.00 | 108.00 | 121.00 | OK | |
| r-oldrel-macos-x86_64 | 1.0.0 | 52.00 | 393.00 | 445.00 | OK | |
| r-oldrel-windows-x86_64 | 1.0.0 | 44.00 | 328.00 | 372.00 | OK |
Version: 1.0.0
Check: DESCRIPTION meta-information
Result: NOTE
Missing dependency on R >= 4.1.0 because package code uses the pipe
|> or function shorthand \(...) syntax added in R 4.1.0.
File(s) using such syntax:
‘goodmap.R’ ‘traits.R’
Flavors: r-devel-linux-x86_64-debian-clang, r-devel-linux-x86_64-debian-gcc, r-devel-linux-x86_64-fedora-clang, r-devel-linux-x86_64-fedora-gcc, r-devel-windows-x86_64, r-patched-linux-x86_64, r-release-linux-x86_64, r-release-macos-arm64, r-release-macos-x86_64, r-release-windows-x86_64
These binaries (installable software) and packages are in development.
They may not be fully stable and should be used with caution. We make no claims about them.