CRAN Package Check Results for Package drifter

Last updated on 2025-11-11 15:50:32 CET.

Flavor Version Tinstall Tcheck Ttotal Status Flags
r-devel-linux-x86_64-debian-clang 0.2.1 6.62 95.33 101.95 NOTE
r-devel-linux-x86_64-debian-gcc 0.2.1 4.73 67.73 72.46 NOTE
r-devel-linux-x86_64-fedora-clang 0.2.1 14.00 147.20 161.20 OK
r-devel-linux-x86_64-fedora-gcc 0.2.1 13.00 137.27 150.27 OK
r-devel-windows-x86_64 0.2.1 8.00 95.00 103.00 OK
r-patched-linux-x86_64 0.2.1 6.07 91.50 97.57 OK
r-release-linux-x86_64 0.2.1 6.40 91.40 97.80 OK
r-release-macos-arm64 0.2.1 3.00 43.00 46.00 OK
r-release-macos-x86_64 0.2.1 4.00 66.00 70.00 OK
r-release-windows-x86_64 0.2.1 9.00 94.00 103.00 OK
r-oldrel-macos-arm64 0.2.1 3.00 31.00 34.00 NOTE
r-oldrel-macos-x86_64 0.2.1 3.00 47.00 50.00 NOTE
r-oldrel-windows-x86_64 0.2.1 10.00 116.00 126.00 NOTE

Check Details

Version: 0.2.1
Check: CRAN incoming feasibility
Result: NOTE Maintainer: ‘Przemyslaw Biecek <przemyslaw.biecek@gmail.com>’ The Description field contains of the 'DrWhy.AI' universe (Biecek 2018) <arXiv:1806.08915>. Please refer to arXiv e-prints via their arXiv DOI <doi:10.48550/arXiv.YYMM.NNNNN>. Flavors: r-devel-linux-x86_64-debian-clang, r-devel-linux-x86_64-debian-gcc

Version: 0.2.1
Check: LazyData
Result: NOTE 'LazyData' is specified without a 'data' directory Flavors: r-oldrel-macos-arm64, r-oldrel-macos-x86_64, r-oldrel-windows-x86_64

These binaries (installable software) and packages are in development.
They may not be fully stable and should be used with caution. We make no claims about them.