Last updated on 2025-05-01 14:49:08 CEST.
Flavor | Version | Tinstall | Tcheck | Ttotal | Status | Flags |
---|---|---|---|---|---|---|
r-devel-linux-x86_64-debian-clang | 0.2.1 | 5.75 | 84.82 | 90.57 | NOTE | |
r-devel-linux-x86_64-debian-gcc | 0.2.1 | 4.70 | 61.70 | 66.40 | NOTE | |
r-devel-linux-x86_64-fedora-clang | 0.2.1 | 135.82 | OK | |||
r-devel-linux-x86_64-fedora-gcc | 0.2.1 | 131.42 | OK | |||
r-devel-windows-x86_64 | 0.2.1 | 8.00 | 94.00 | 102.00 | OK | |
r-patched-linux-x86_64 | 0.2.1 | 5.88 | 81.99 | 87.87 | OK | |
r-release-linux-x86_64 | OK | |||||
r-release-macos-arm64 | 0.2.1 | 46.00 | OK | |||
r-release-macos-x86_64 | 0.2.1 | 70.00 | OK | |||
r-release-windows-x86_64 | 0.2.1 | 9.00 | 101.00 | 110.00 | OK | |
r-oldrel-macos-arm64 | 0.2.1 | 34.00 | NOTE | |||
r-oldrel-macos-x86_64 | 0.2.1 | 50.00 | NOTE | |||
r-oldrel-windows-x86_64 | 0.2.1 | 8.00 | 108.00 | 116.00 | NOTE |
Version: 0.2.1
Check: CRAN incoming feasibility
Result: NOTE
Maintainer: ‘Przemyslaw Biecek <przemyslaw.biecek@gmail.com>’
The Description field contains
of the 'DrWhy.AI' universe (Biecek 2018) <arXiv:1806.08915>.
Please refer to arXiv e-prints via their arXiv DOI <doi:10.48550/arXiv.YYMM.NNNNN>.
Flavors: r-devel-linux-x86_64-debian-clang, r-devel-linux-x86_64-debian-gcc
Version: 0.2.1
Check: LazyData
Result: NOTE
'LazyData' is specified without a 'data' directory
Flavors: r-oldrel-macos-arm64, r-oldrel-macos-x86_64, r-oldrel-windows-x86_64
These binaries (installable software) and packages are in development.
They may not be fully stable and should be used with caution. We make no claims about them.