Last updated on 2025-07-02 03:50:39 CEST.
Flavor | Version | Tinstall | Tcheck | Ttotal | Status | Flags |
---|---|---|---|---|---|---|
r-devel-linux-x86_64-debian-clang | 1.0.1 | 9.51 | 78.56 | 88.07 | NOTE | |
r-devel-linux-x86_64-debian-gcc | 1.0.1 | 6.72 | 54.34 | 61.06 | NOTE | |
r-devel-linux-x86_64-fedora-clang | 1.0.1 | 135.81 | NOTE | |||
r-devel-linux-x86_64-fedora-gcc | 1.0.1 | 127.26 | NOTE | |||
r-devel-windows-x86_64 | 1.0.1 | 13.00 | 144.00 | 157.00 | NOTE | |
r-patched-linux-x86_64 | NOTE | |||||
r-release-linux-x86_64 | 1.0.1 | 9.20 | 72.97 | 82.17 | NOTE | |
r-release-macos-arm64 | 1.0.1 | 64.00 | NOTE | |||
r-release-macos-x86_64 | 1.0.1 | 113.00 | NOTE | |||
r-release-windows-x86_64 | 1.0.1 | 10.00 | 138.00 | 148.00 | NOTE | |
r-oldrel-macos-arm64 | 1.0.1 | 59.00 | NOTE | |||
r-oldrel-macos-x86_64 | 1.0.1 | 91.00 | NOTE | |||
r-oldrel-windows-x86_64 | 1.0.1 | 14.00 | 183.00 | 197.00 | NOTE |
Version: 1.0.1
Check: package subdirectories
Result: NOTE
Problems with news in ‘NEWS.md’:
No news entries found.
Flavors: r-devel-linux-x86_64-debian-clang, r-devel-linux-x86_64-debian-gcc, r-devel-linux-x86_64-fedora-clang, r-devel-linux-x86_64-fedora-gcc, r-devel-windows-x86_64, r-patched-linux-x86_64, r-release-linux-x86_64, r-release-macos-arm64, r-release-macos-x86_64, r-release-windows-x86_64, r-oldrel-macos-arm64, r-oldrel-macos-x86_64, r-oldrel-windows-x86_64
These binaries (installable software) and packages are in development.
They may not be fully stable and should be used with caution. We make no claims about them.