Last updated on 2025-11-11 15:50:32 CET.
| Flavor | Version | Tinstall | Tcheck | Ttotal | Status | Flags |
|---|---|---|---|---|---|---|
| r-devel-linux-x86_64-debian-clang | 1.0.1 | 9.67 | 95.62 | 105.29 | NOTE | |
| r-devel-linux-x86_64-debian-gcc | 1.0.1 | 7.10 | 63.46 | 70.56 | NOTE | |
| r-devel-linux-x86_64-fedora-clang | 1.0.1 | 23.00 | 135.80 | 158.80 | NOTE | |
| r-devel-linux-x86_64-fedora-gcc | 1.0.1 | 21.00 | 124.87 | 145.87 | NOTE | |
| r-devel-windows-x86_64 | 1.0.1 | 12.00 | 155.00 | 167.00 | NOTE | |
| r-patched-linux-x86_64 | 1.0.1 | 9.38 | 86.56 | 95.94 | NOTE | |
| r-release-linux-x86_64 | 1.0.1 | 8.76 | 86.65 | 95.41 | NOTE | |
| r-release-macos-arm64 | 1.0.1 | 4.00 | 60.00 | 64.00 | NOTE | |
| r-release-macos-x86_64 | 1.0.1 | 7.00 | 106.00 | 113.00 | NOTE | |
| r-release-windows-x86_64 | 1.0.1 | 13.00 | 154.00 | 167.00 | NOTE | |
| r-oldrel-macos-arm64 | 1.0.1 | 4.00 | 55.00 | 59.00 | NOTE | |
| r-oldrel-macos-x86_64 | 1.0.1 | 6.00 | 85.00 | 91.00 | NOTE | |
| r-oldrel-windows-x86_64 | 1.0.1 | 16.00 | 202.00 | 218.00 | NOTE |
Version: 1.0.1
Check: package subdirectories
Result: NOTE
Problems with news in ‘NEWS.md’:
No news entries found.
Flavors: r-devel-linux-x86_64-debian-clang, r-devel-linux-x86_64-debian-gcc, r-devel-linux-x86_64-fedora-clang, r-devel-linux-x86_64-fedora-gcc, r-devel-windows-x86_64, r-patched-linux-x86_64, r-release-linux-x86_64, r-release-macos-arm64, r-release-macos-x86_64, r-release-windows-x86_64, r-oldrel-macos-arm64, r-oldrel-macos-x86_64, r-oldrel-windows-x86_64
These binaries (installable software) and packages are in development.
They may not be fully stable and should be used with caution. We make no claims about them.