Last updated on 2024-07-27 15:50:16 CEST.
Flavor | Version | Tinstall | Tcheck | Ttotal | Status | Flags |
---|---|---|---|---|---|---|
r-devel-linux-x86_64-debian-clang | 1.0.1 | 8.54 | 92.58 | 101.12 | NOTE | |
r-devel-linux-x86_64-debian-gcc | 1.0.1 | NOTE | ||||
r-devel-linux-x86_64-fedora-clang | 1.0.1 | 135.83 | NOTE | |||
r-devel-linux-x86_64-fedora-gcc | 1.0.1 | 126.40 | NOTE | |||
r-devel-windows-x86_64 | 1.0.1 | 10.00 | 133.00 | 143.00 | NOTE | |
r-patched-linux-x86_64 | 1.0.1 | NOTE | ||||
r-release-linux-x86_64 | 1.0.1 | 6.13 | 86.33 | 92.46 | NOTE | |
r-release-macos-arm64 | 1.0.1 | 59.00 | NOTE | |||
r-release-macos-x86_64 | 1.0.1 | 91.00 | NOTE | |||
r-release-windows-x86_64 | 1.0.1 | 11.00 | 130.00 | 141.00 | NOTE | |
r-oldrel-macos-arm64 | 1.0.1 | 58.00 | NOTE | |||
r-oldrel-macos-x86_64 | 1.0.1 | 116.00 | NOTE | |||
r-oldrel-windows-x86_64 | 1.0.1 | 13.00 | 163.00 | 176.00 | NOTE |
Version: 1.0.1
Check: package subdirectories
Result: NOTE
Problems with news in ‘NEWS.md’:
No news entries found.
Flavors: r-devel-linux-x86_64-debian-clang, r-devel-linux-x86_64-debian-gcc, r-devel-linux-x86_64-fedora-clang, r-devel-linux-x86_64-fedora-gcc, r-devel-windows-x86_64, r-patched-linux-x86_64, r-release-linux-x86_64, r-release-macos-arm64, r-release-macos-x86_64, r-release-windows-x86_64, r-oldrel-macos-arm64, r-oldrel-macos-x86_64, r-oldrel-windows-x86_64
These binaries (installable software) and packages are in development.
They may not be fully stable and should be used with caution. We make no claims about them.