CRAN Package Check Results for Package driveR

Last updated on 2025-02-19 16:50:47 CET.

Flavor Version Tinstall Tcheck Ttotal Status Flags
r-devel-linux-x86_64-debian-clang 0.4.1 12.68 154.13 166.81 OK
r-devel-linux-x86_64-debian-gcc 0.4.1 0.47 1.63 2.10 ERROR
r-devel-linux-x86_64-fedora-clang 0.4.1 268.96 OK
r-devel-linux-x86_64-fedora-gcc 0.4.1 274.10 OK
r-devel-macos-arm64 0.4.1 5.00 ERROR
r-devel-macos-x86_64 0.4.1 6.00 ERROR
r-devel-windows-x86_64 0.4.1 14.00 150.00 164.00 OK
r-patched-linux-x86_64 0.4.1 12.92 142.30 155.22 OK
r-release-linux-x86_64 0.4.1 10.78 143.24 154.02 OK
r-release-macos-arm64 0.4.1 10.00 ERROR
r-release-macos-x86_64 0.4.1 13.00 ERROR
r-release-windows-x86_64 0.4.1 13.00 152.00 165.00 NOTE
r-oldrel-macos-arm64 0.4.1 93.00 NOTE
r-oldrel-macos-x86_64 0.4.1 11.00 ERROR
r-oldrel-windows-x86_64 0.4.1 18.00 221.00 239.00 NOTE

Check Details

Version: 0.4.1
Check: package dependencies
Result: ERROR Packages required but not available: 'GenomicFeatures', 'TxDb.Hsapiens.UCSC.hg19.knownGene', 'TxDb.Hsapiens.UCSC.hg38.knownGene' See section ‘The DESCRIPTION file’ in the ‘Writing R Extensions’ manual. Flavor: r-devel-linux-x86_64-debian-gcc

Version: 0.4.1
Check: package dependencies
Result: ERROR Packages required but not available: 'TxDb.Hsapiens.UCSC.hg19.knownGene', 'TxDb.Hsapiens.UCSC.hg38.knownGene', 'org.Hs.eg.db' See section ‘The DESCRIPTION file’ in the ‘Writing R Extensions’ manual. Flavor: r-devel-macos-arm64

Version: 0.4.1
Check: package dependencies
Result: ERROR Packages required but not available: 'TxDb.Hsapiens.UCSC.hg19.knownGene', 'TxDb.Hsapiens.UCSC.hg38.knownGene' See section ‘The DESCRIPTION file’ in the ‘Writing R Extensions’ manual. Flavors: r-devel-macos-x86_64, r-release-macos-arm64, r-release-macos-x86_64

Version: 0.4.1
Check: installed package size
Result: NOTE installed size is 5.3Mb sub-directories of 1Mb or more: data 1.6Mb extdata 3.2Mb Flavors: r-release-windows-x86_64, r-oldrel-macos-arm64, r-oldrel-windows-x86_64

Version: 0.4.1
Check: package dependencies
Result: ERROR Package required but not available: ‘TxDb.Hsapiens.UCSC.hg38.knownGene’ See section ‘The DESCRIPTION file’ in the ‘Writing R Extensions’ manual. Flavor: r-oldrel-macos-x86_64

These binaries (installable software) and packages are in development.
They may not be fully stable and should be used with caution. We make no claims about them.