Last updated on 2025-05-01 21:53:00 CEST.
Flavor | Version | Tinstall | Tcheck | Ttotal | Status | Flags |
---|---|---|---|---|---|---|
r-devel-linux-x86_64-debian-clang | 1.0.1 | 12.63 | 196.41 | 209.04 | NOTE | |
r-devel-linux-x86_64-debian-gcc | 1.0.1 | 8.07 | 134.39 | 142.46 | OK | |
r-devel-linux-x86_64-fedora-clang | 1.0.1 | 319.15 | OK | |||
r-devel-linux-x86_64-fedora-gcc | 1.0.1 | 314.87 | OK | |||
r-devel-windows-x86_64 | 1.0.1 | 14.00 | 186.00 | 200.00 | OK | |
r-patched-linux-x86_64 | 1.0.1 | 12.23 | 185.37 | 197.60 | OK | |
r-release-linux-x86_64 | OK | |||||
r-release-macos-arm64 | 1.0.1 | 106.00 | OK | |||
r-release-macos-x86_64 | 1.0.1 | 193.00 | OK | |||
r-release-windows-x86_64 | 1.0.1 | 12.00 | 198.00 | 210.00 | OK | |
r-oldrel-macos-arm64 | 1.0.1 | 87.00 | OK | |||
r-oldrel-macos-x86_64 | 1.0.1 | 147.00 | OK | |||
r-oldrel-windows-x86_64 | 1.0.1 | 17.00 | 253.00 | 270.00 | OK |
Version: 1.0.1
Check: examples
Result: NOTE
Examples with CPU (user + system) or elapsed time > 5s
user system elapsed
drord 6.948 0.308 11.191
Flavor: r-devel-linux-x86_64-debian-clang
These binaries (installable software) and packages are in development.
They may not be fully stable and should be used with caution. We make no claims about them.