Last updated on 2025-05-01 14:49:08 CEST.
Flavor | Version | Tinstall | Tcheck | Ttotal | Status | Flags |
---|---|---|---|---|---|---|
r-devel-linux-x86_64-debian-clang | 1.2 | 2.15 | 22.82 | 24.97 | NOTE | |
r-devel-linux-x86_64-debian-gcc | 1.2 | 1.67 | 18.26 | 19.93 | NOTE | |
r-devel-linux-x86_64-fedora-clang | 1.2 | 39.20 | OK | |||
r-devel-linux-x86_64-fedora-gcc | 1.2 | 37.31 | OK | |||
r-devel-windows-x86_64 | 1.2 | 3.00 | 50.00 | 53.00 | OK | |
r-patched-linux-x86_64 | 1.2 | 2.35 | 22.15 | 24.50 | OK | |
r-release-linux-x86_64 | OK | |||||
r-release-macos-arm64 | 1.2 | 18.00 | OK | |||
r-release-macos-x86_64 | 1.2 | 31.00 | OK | |||
r-release-windows-x86_64 | 1.2 | 3.00 | 52.00 | 55.00 | OK | |
r-oldrel-macos-arm64 | 1.2 | 17.00 | OK | |||
r-oldrel-macos-x86_64 | 1.2 | 23.00 | OK | |||
r-oldrel-windows-x86_64 | 1.2 | 4.00 | 47.00 | 51.00 | OK |
Version: 1.2
Check: CRAN incoming feasibility
Result: NOTE
Maintainer: ‘Zengchao Hao <z.hao4univ@gmail.com>’
No Authors@R field in DESCRIPTION.
Please add one, modifying
Authors@R: person(given = "Zengchao",
family = "Hao",
role = c("aut", "cre"),
email = "z.hao4univ@gmail.com")
as necessary.
Flavors: r-devel-linux-x86_64-debian-clang, r-devel-linux-x86_64-debian-gcc
These binaries (installable software) and packages are in development.
They may not be fully stable and should be used with caution. We make no claims about them.