Last updated on 2025-10-24 01:50:24 CEST.
| Flavor | Version | Tinstall | Tcheck | Ttotal | Status | Flags |
|---|---|---|---|---|---|---|
| r-devel-linux-x86_64-debian-clang | 1.0.4 | 2.52 | 49.26 | 51.78 | OK | |
| r-devel-linux-x86_64-debian-gcc | 1.0.4 | 1.95 | 35.79 | 37.74 | OK | |
| r-devel-linux-x86_64-fedora-clang | 1.0.4 | 80.84 | OK | |||
| r-devel-linux-x86_64-fedora-gcc | 1.0.4 | 633.43 | OK | |||
| r-devel-windows-x86_64 | 1.0.4 | 3.00 | 74.00 | 77.00 | OK | |
| r-patched-linux-x86_64 | 1.0.4 | 2.80 | 46.31 | 49.11 | OK | |
| r-release-linux-x86_64 | 1.0.4 | 2.32 | 46.75 | 49.07 | OK | |
| r-release-macos-arm64 | 1.0.4 | 1.00 | 229.00 | 230.00 | OK | |
| r-release-macos-x86_64 | 1.0.4 | 2.00 | 580.00 | 582.00 | OK | |
| r-release-windows-x86_64 | 1.0.4 | 4.00 | 76.00 | 80.00 | OK | |
| r-oldrel-macos-arm64 | 1.0.4 | 1.00 | 252.00 | 253.00 | NOTE | |
| r-oldrel-macos-x86_64 | 1.0.4 | 2.00 | 573.00 | 575.00 | NOTE | |
| r-oldrel-windows-x86_64 | 1.0.4 | 4.00 | 90.00 | 94.00 | NOTE |
Version: 1.0.4
Check: package dependencies
Result: NOTE
Packages suggested but not available for checking: 'dsBaseClient', 'dsBase'
Flavors: r-oldrel-macos-arm64, r-oldrel-macos-x86_64
Version: 1.0.4
Check: package dependencies
Result: NOTE
Package suggested but not available for checking: 'dsBaseClient'
Flavor: r-oldrel-windows-x86_64
These binaries (installable software) and packages are in development.
They may not be fully stable and should be used with caution. We make no claims about them.