Last updated on 2025-05-01 12:49:26 CEST.
Flavor | Version | Tinstall | Tcheck | Ttotal | Status | Flags |
---|---|---|---|---|---|---|
r-devel-linux-x86_64-debian-clang | 1.0.4 | 2.46 | 39.62 | 42.08 | OK | |
r-devel-linux-x86_64-debian-gcc | 1.0.4 | 2.03 | 29.15 | 31.18 | OK | |
r-devel-linux-x86_64-fedora-clang | 1.0.4 | 67.34 | OK | |||
r-devel-linux-x86_64-fedora-gcc | 1.0.4 | 626.31 | OK | |||
r-devel-windows-x86_64 | 1.0.4 | 4.00 | 68.00 | 72.00 | OK | |
r-patched-linux-x86_64 | 1.0.4 | 2.60 | 37.21 | 39.81 | OK | |
r-release-linux-x86_64 | OK | |||||
r-release-macos-arm64 | 1.0.4 | 230.00 | OK | |||
r-release-macos-x86_64 | 1.0.4 | 582.00 | OK | |||
r-release-windows-x86_64 | 1.0.4 | 5.00 | 75.00 | 80.00 | OK | |
r-oldrel-macos-arm64 | 1.0.4 | 253.00 | NOTE | |||
r-oldrel-macos-x86_64 | 1.0.4 | 575.00 | NOTE | |||
r-oldrel-windows-x86_64 | 1.0.4 | 5.00 | 74.00 | 79.00 | NOTE |
Version: 1.0.4
Check: package dependencies
Result: NOTE
Packages suggested but not available for checking: 'dsBaseClient', 'dsBase'
Flavors: r-oldrel-macos-arm64, r-oldrel-macos-x86_64, r-oldrel-windows-x86_64
These binaries (installable software) and packages are in development.
They may not be fully stable and should be used with caution. We make no claims about them.